{"id":6794,"date":"2023-12-06T18:21:12","date_gmt":"2023-12-06T18:21:12","guid":{"rendered":"https:\/\/eltiosam.com.mx\/?post_type=product&#038;p=6794"},"modified":"2024-02-15T22:49:00","modified_gmt":"2024-02-15T22:49:00","slug":"lavavajillas-lg-quadwash-de-empotre","status":"publish","type":"product","link":"https:\/\/eltiosam.com.mx\/index.php\/product\/lavavajillas-lg-quadwash-de-empotre\/","title":{"rendered":"Lavavajillas LG QuadWash\u2122 de Empotre LDFN4542S"},"content":{"rendered":"<div><strong>Descripci\u00f3n:<\/strong><\/div>\n<div class=\"productDetailTab\">El lavavajillas LG QuadWash LDFN4542S facilitar\u00e1 la limpieza de tus platos y utensilios de cocina, dej\u00e1ndolos relucientes mediante la tecnolog\u00eda QuadWash la cual brinda m\u00e1xima limpieza desde todos los \u00e1ngulos gracias a los cuatro brazos aspersores con m\u00faltiples movimientos. La tercer rejilla ajustable y las p\u00faas plegables permiten un f\u00e1cil acomodo y espacios que se adaptan para que puedas colocar los platos donde desees, regulando la altura de acuerdo a tus utensilios.<\/div>\n<div><\/div>\n","protected":false},"excerpt":{"rendered":"<p>Descripci\u00f3n: El lavavajillas LG QuadWash LDFN4542S facilitar\u00e1 la limpieza de tus platos y utensilios de cocina, dej\u00e1ndolos relucientes mediante la tecnolog\u00eda QuadWash la cual brinda m\u00e1xima limpieza desde todos los \u00e1ngulos gracias a los cuatro brazos aspersores con m\u00faltiples movimientos. La tercer rejilla ajustable y las p\u00faas plegables permiten un f\u00e1cil acomodo y espacios que [&hellip;]<\/p>\n","protected":false},"featured_media":6795,"template":"","meta":{"_joinchat":[]},"product_brand":[],"product_cat":[43,42],"product_tag":[208],"class_list":{"0":"post-6794","1":"product","2":"type-product","3":"status-publish","4":"has-post-thumbnail","6":"product_cat-lavavajillas","7":"product_cat-varios","8":"product_tag-lg","10":"first","11":"instock","12":"shipping-taxable","13":"product-type-simple"},"_links":{"self":[{"href":"https:\/\/eltiosam.com.mx\/index.php\/wp-json\/wp\/v2\/product\/6794","targetHints":{"allow":["GET"]}}],"collection":[{"href":"https:\/\/eltiosam.com.mx\/index.php\/wp-json\/wp\/v2\/product"}],"about":[{"href":"https:\/\/eltiosam.com.mx\/index.php\/wp-json\/wp\/v2\/types\/product"}],"wp:featuredmedia":[{"embeddable":true,"href":"https:\/\/eltiosam.com.mx\/index.php\/wp-json\/wp\/v2\/media\/6795"}],"wp:attachment":[{"href":"https:\/\/eltiosam.com.mx\/index.php\/wp-json\/wp\/v2\/media?parent=6794"}],"wp:term":[{"taxonomy":"product_brand","embeddable":true,"href":"https:\/\/eltiosam.com.mx\/index.php\/wp-json\/wp\/v2\/product_brand?post=6794"},{"taxonomy":"product_cat","embeddable":true,"href":"https:\/\/eltiosam.com.mx\/index.php\/wp-json\/wp\/v2\/product_cat?post=6794"},{"taxonomy":"product_tag","embeddable":true,"href":"https:\/\/eltiosam.com.mx\/index.php\/wp-json\/wp\/v2\/product_tag?post=6794"}],"curies":[{"name":"wp","href":"https:\/\/api.w.org\/{rel}","templated":true}]}}