{"id":6597,"date":"2023-12-02T15:58:18","date_gmt":"2023-12-02T15:58:18","guid":{"rendered":"https:\/\/eltiosam.com.mx\/?post_type=product&#038;p=6597"},"modified":"2024-02-06T00:21:47","modified_gmt":"2024-02-06T00:21:47","slug":"campana-decorativa-para-instalacion-en-pared-de-70-cm-teka-dep-70","status":"publish","type":"product","link":"https:\/\/eltiosam.com.mx\/index.php\/product\/campana-decorativa-para-instalacion-en-pared-de-70-cm-teka-dep-70\/","title":{"rendered":"Campana decorativa para instalaci\u00f3n en pared de 70 cm Teka DEP 70"},"content":{"rendered":"<p><strong>Descripci\u00f3n:<\/strong> Campana decorativa de 70 cm Teka DEP 70, fabricada en acero inoxidable, con panel de mandos pulsantes y tres velocidades. Cuenta con l\u00e1mparas incandescentes, filtros met\u00e1licos lavables en lavavajillas y un motor blindado de doble turbina. La capacidad de extracci\u00f3n m\u00e1xima es de 700 m\u00b3\/h, con un nivel sonoro que va desde 44 dB como m\u00ednimo hasta 60 dB como m\u00e1ximo. La chimenea es ajustable en altura (745 &#8211; 1,075 mm), y tiene un filtro de carb\u00f3n activo para recirculaci\u00f3n del aire. La potencia nominal m\u00e1xima es de 185 W, operando con un voltaje de 110-127 V~ y una frecuencia de 50\/60 Hz. El peso de la campana es de 8.1 kg.<\/p>\n","protected":false},"excerpt":{"rendered":"<p>Descripci\u00f3n: Campana decorativa de 70 cm Teka DEP 70, fabricada en acero inoxidable, con panel de mandos pulsantes y tres velocidades. Cuenta con l\u00e1mparas incandescentes, filtros met\u00e1licos lavables en lavavajillas y un motor blindado de doble turbina. La capacidad de extracci\u00f3n m\u00e1xima es de 700 m\u00b3\/h, con un nivel sonoro que va desde 44 dB [&hellip;]<\/p>\n","protected":false},"featured_media":6598,"template":"","meta":{"_joinchat":[]},"product_brand":[],"product_cat":[45,29],"product_tag":[106],"class_list":{"0":"post-6597","1":"product","2":"type-product","3":"status-publish","4":"has-post-thumbnail","6":"product_cat-campanas","7":"product_cat-coccion","8":"product_tag-teka","10":"first","11":"instock","12":"shipping-taxable","13":"product-type-simple"},"_links":{"self":[{"href":"https:\/\/eltiosam.com.mx\/index.php\/wp-json\/wp\/v2\/product\/6597","targetHints":{"allow":["GET"]}}],"collection":[{"href":"https:\/\/eltiosam.com.mx\/index.php\/wp-json\/wp\/v2\/product"}],"about":[{"href":"https:\/\/eltiosam.com.mx\/index.php\/wp-json\/wp\/v2\/types\/product"}],"wp:featuredmedia":[{"embeddable":true,"href":"https:\/\/eltiosam.com.mx\/index.php\/wp-json\/wp\/v2\/media\/6598"}],"wp:attachment":[{"href":"https:\/\/eltiosam.com.mx\/index.php\/wp-json\/wp\/v2\/media?parent=6597"}],"wp:term":[{"taxonomy":"product_brand","embeddable":true,"href":"https:\/\/eltiosam.com.mx\/index.php\/wp-json\/wp\/v2\/product_brand?post=6597"},{"taxonomy":"product_cat","embeddable":true,"href":"https:\/\/eltiosam.com.mx\/index.php\/wp-json\/wp\/v2\/product_cat?post=6597"},{"taxonomy":"product_tag","embeddable":true,"href":"https:\/\/eltiosam.com.mx\/index.php\/wp-json\/wp\/v2\/product_tag?post=6597"}],"curies":[{"name":"wp","href":"https:\/\/api.w.org\/{rel}","templated":true}]}}