{"id":6495,"date":"2023-11-30T23:47:25","date_gmt":"2023-11-30T23:47:25","guid":{"rendered":"https:\/\/eltiosam.com.mx\/?post_type=product&#038;p=6495"},"modified":"2024-02-21T05:52:40","modified_gmt":"2024-02-21T05:52:40","slug":"pack-campana-con-parrilla-cristal-negra-teka-pack-duetto-crystal-60","status":"publish","type":"product","link":"https:\/\/eltiosam.com.mx\/index.php\/product\/pack-campana-con-parrilla-cristal-negra-teka-pack-duetto-crystal-60\/","title":{"rendered":"Pack Campana con Parrilla Cristal  Negra Teka PACK DUETTO CRYSTAL 60"},"content":{"rendered":"<p><strong>Descripci\u00f3n:<\/strong><\/p>\n<p>Este pack ofrece una combinaci\u00f3n de una campana extractora y una parrilla, ambos con un dise\u00f1o elegante en color negro y fabricados con materiales de calidad. La campana cuenta con iluminaci\u00f3n LED, filtros lavables, y capacidad de extracci\u00f3n eficiente. La parrilla, por su parte, ofrece quemadores a gas con encendido electr\u00f3nico y parrillas de hierro fundido para un cocinado preciso.<\/p>\n","protected":false},"excerpt":{"rendered":"<p>Descripci\u00f3n: Este pack ofrece una combinaci\u00f3n de una campana extractora y una parrilla, ambos con un dise\u00f1o elegante en color negro y fabricados con materiales de calidad. La campana cuenta con iluminaci\u00f3n LED, filtros lavables, y capacidad de extracci\u00f3n eficiente. La parrilla, por su parte, ofrece quemadores a gas con encendido electr\u00f3nico y parrillas de [&hellip;]<\/p>\n","protected":false},"featured_media":6496,"template":"","meta":{"_joinchat":[]},"product_brand":[],"product_cat":[219],"product_tag":[106],"class_list":{"0":"post-6495","1":"product","2":"type-product","3":"status-publish","4":"has-post-thumbnail","6":"product_cat-paquetes","7":"product_tag-teka","9":"first","10":"instock","11":"shipping-taxable","12":"product-type-simple"},"_links":{"self":[{"href":"https:\/\/eltiosam.com.mx\/index.php\/wp-json\/wp\/v2\/product\/6495","targetHints":{"allow":["GET"]}}],"collection":[{"href":"https:\/\/eltiosam.com.mx\/index.php\/wp-json\/wp\/v2\/product"}],"about":[{"href":"https:\/\/eltiosam.com.mx\/index.php\/wp-json\/wp\/v2\/types\/product"}],"wp:featuredmedia":[{"embeddable":true,"href":"https:\/\/eltiosam.com.mx\/index.php\/wp-json\/wp\/v2\/media\/6496"}],"wp:attachment":[{"href":"https:\/\/eltiosam.com.mx\/index.php\/wp-json\/wp\/v2\/media?parent=6495"}],"wp:term":[{"taxonomy":"product_brand","embeddable":true,"href":"https:\/\/eltiosam.com.mx\/index.php\/wp-json\/wp\/v2\/product_brand?post=6495"},{"taxonomy":"product_cat","embeddable":true,"href":"https:\/\/eltiosam.com.mx\/index.php\/wp-json\/wp\/v2\/product_cat?post=6495"},{"taxonomy":"product_tag","embeddable":true,"href":"https:\/\/eltiosam.com.mx\/index.php\/wp-json\/wp\/v2\/product_tag?post=6495"}],"curies":[{"name":"wp","href":"https:\/\/api.w.org\/{rel}","templated":true}]}}