{"id":6477,"date":"2023-11-30T23:29:26","date_gmt":"2023-11-30T23:29:26","guid":{"rendered":"https:\/\/eltiosam.com.mx\/?post_type=product&#038;p=6477"},"modified":"2024-02-24T18:25:51","modified_gmt":"2024-02-24T18:25:51","slug":"parrillas-a-gas-teka-gzc-95320-xbb","status":"publish","type":"product","link":"https:\/\/eltiosam.com.mx\/index.php\/product\/parrillas-a-gas-teka-gzc-95320-xbb\/","title":{"rendered":"Parrillas a Gas TEKA GZC 95320 XBB"},"content":{"rendered":"<p><strong>Descripci\u00f3n:<\/strong><\/p>\n<ul>\n<li>CristalGas Exact Flame con bisel frontal<\/li>\n<li>Mandos frontales de dise\u00f1o ergon\u00f3mico<\/li>\n<li>Superficie de vidrio cer\u00e1mico<\/li>\n<li>9 niveles de potencia con un control exacto de la llama<\/li>\n<li>1 quemador doble anillo, 5,00 kW<\/li>\n<li>1 quemador r\u00e1pido, 2,80 kW<\/li>\n<li>2 quemadores semirr\u00e1pidos, 1,75 kW<\/li>\n<li>1 quemador auxiliar 1,00 kW<\/li>\n<li>Seguridad por termopar integrado en quemador individual<\/li>\n<li>Autoencendido integrado en quemador y accionado por cada mando<\/li>\n<li>Soporte para Wok opcional<\/li>\n<li>Parrillas de fundici\u00f3n amplia superficie<\/li>\n<li>Kit de f\u00e1cil instalaci\u00f3n<\/li>\n<li>Tipolog\u00eda de Gas: Natural<\/li>\n<\/ul>\n","protected":false},"excerpt":{"rendered":"<p>Descripci\u00f3n: CristalGas Exact Flame con bisel frontal Mandos frontales de dise\u00f1o ergon\u00f3mico Superficie de vidrio cer\u00e1mico 9 niveles de potencia con un control exacto de la llama 1 quemador doble anillo, 5,00 kW 1 quemador r\u00e1pido, 2,80 kW 2 quemadores semirr\u00e1pidos, 1,75 kW 1 quemador auxiliar 1,00 kW Seguridad por termopar integrado en quemador individual [&hellip;]<\/p>\n","protected":false},"featured_media":6478,"template":"","meta":{"_joinchat":[]},"product_brand":[],"product_cat":[29,46],"product_tag":[106],"class_list":{"0":"post-6477","1":"product","2":"type-product","3":"status-publish","4":"has-post-thumbnail","6":"product_cat-coccion","7":"product_cat-parrilla","8":"product_tag-teka","10":"first","11":"instock","12":"shipping-taxable","13":"product-type-simple"},"_links":{"self":[{"href":"https:\/\/eltiosam.com.mx\/index.php\/wp-json\/wp\/v2\/product\/6477","targetHints":{"allow":["GET"]}}],"collection":[{"href":"https:\/\/eltiosam.com.mx\/index.php\/wp-json\/wp\/v2\/product"}],"about":[{"href":"https:\/\/eltiosam.com.mx\/index.php\/wp-json\/wp\/v2\/types\/product"}],"wp:featuredmedia":[{"embeddable":true,"href":"https:\/\/eltiosam.com.mx\/index.php\/wp-json\/wp\/v2\/media\/6478"}],"wp:attachment":[{"href":"https:\/\/eltiosam.com.mx\/index.php\/wp-json\/wp\/v2\/media?parent=6477"}],"wp:term":[{"taxonomy":"product_brand","embeddable":true,"href":"https:\/\/eltiosam.com.mx\/index.php\/wp-json\/wp\/v2\/product_brand?post=6477"},{"taxonomy":"product_cat","embeddable":true,"href":"https:\/\/eltiosam.com.mx\/index.php\/wp-json\/wp\/v2\/product_cat?post=6477"},{"taxonomy":"product_tag","embeddable":true,"href":"https:\/\/eltiosam.com.mx\/index.php\/wp-json\/wp\/v2\/product_tag?post=6477"}],"curies":[{"name":"wp","href":"https:\/\/api.w.org\/{rel}","templated":true}]}}