{"id":6209,"date":"2023-11-30T18:29:20","date_gmt":"2023-11-30T18:29:20","guid":{"rendered":"https:\/\/eltiosam.com.mx\/?post_type=product&#038;p=6209"},"modified":"2024-02-06T23:18:50","modified_gmt":"2024-02-06T23:18:50","slug":"cartucho-filtro-de-remplazo-whirlpool-2321005","status":"publish","type":"product","link":"https:\/\/eltiosam.com.mx\/index.php\/product\/cartucho-filtro-de-remplazo-whirlpool-2321005\/","title":{"rendered":"Cartucho filtro de remplazo Whirlpool \u2013 2321005"},"content":{"rendered":"<p>Este producto consiste en <strong>2 cartuchos de repuesto<\/strong> para pre-filtraci\u00f3n de agua para toda la casa del Filtro 7WUC4801S.<\/p>\n<p>Los cartuchos son filtros de sedimentos de <strong>5 micrones<\/strong> de alta calidad. Dise\u00f1ado para <strong>reducir \u00f3xidos, tierra, sarro y arena<\/strong> que se acumulan en tuber\u00edas y tanques antes de entrar a la casa. Compatible con otros sistemas de filtraci\u00f3n de sedimentos que utilicen cartuchos de las mismas dimensiones\u200b\u200b\u200b\u200b.<\/p>\n","protected":false},"excerpt":{"rendered":"<p>Este producto consiste en 2 cartuchos de repuesto para pre-filtraci\u00f3n de agua para toda la casa del Filtro 7WUC4801S. Los cartuchos son filtros de sedimentos de 5 micrones de alta calidad. Dise\u00f1ado para reducir \u00f3xidos, tierra, sarro y arena que se acumulan en tuber\u00edas y tanques antes de entrar a la casa. Compatible con otros [&hellip;]<\/p>\n","protected":false},"featured_media":6211,"template":"","meta":{"_joinchat":[]},"product_brand":[],"product_cat":[214],"product_tag":[204],"class_list":{"0":"post-6209","1":"product","2":"type-product","3":"status-publish","4":"has-post-thumbnail","6":"product_cat-filtros","7":"product_tag-whirlpool","9":"first","10":"instock","11":"shipping-taxable","12":"product-type-simple"},"_links":{"self":[{"href":"https:\/\/eltiosam.com.mx\/index.php\/wp-json\/wp\/v2\/product\/6209","targetHints":{"allow":["GET"]}}],"collection":[{"href":"https:\/\/eltiosam.com.mx\/index.php\/wp-json\/wp\/v2\/product"}],"about":[{"href":"https:\/\/eltiosam.com.mx\/index.php\/wp-json\/wp\/v2\/types\/product"}],"wp:featuredmedia":[{"embeddable":true,"href":"https:\/\/eltiosam.com.mx\/index.php\/wp-json\/wp\/v2\/media\/6211"}],"wp:attachment":[{"href":"https:\/\/eltiosam.com.mx\/index.php\/wp-json\/wp\/v2\/media?parent=6209"}],"wp:term":[{"taxonomy":"product_brand","embeddable":true,"href":"https:\/\/eltiosam.com.mx\/index.php\/wp-json\/wp\/v2\/product_brand?post=6209"},{"taxonomy":"product_cat","embeddable":true,"href":"https:\/\/eltiosam.com.mx\/index.php\/wp-json\/wp\/v2\/product_cat?post=6209"},{"taxonomy":"product_tag","embeddable":true,"href":"https:\/\/eltiosam.com.mx\/index.php\/wp-json\/wp\/v2\/product_tag?post=6209"}],"curies":[{"name":"wp","href":"https:\/\/api.w.org\/{rel}","templated":true}]}}