{"id":6112,"date":"2023-11-30T17:21:28","date_gmt":"2023-11-30T17:21:28","guid":{"rendered":"https:\/\/eltiosam.com.mx\/?post_type=product&#038;p=6112"},"modified":"2024-07-15T17:46:10","modified_gmt":"2024-07-15T17:46:10","slug":"parrilla-whirlpool-wp2421s-acero-inoxidable-gris","status":"publish","type":"product","link":"https:\/\/eltiosam.com.mx\/index.php\/product\/parrilla-whirlpool-wp2421s-acero-inoxidable-gris\/","title":{"rendered":"Parrilla Whirlpool WP2421S Acero inoxidable Gris"},"content":{"rendered":"<h3>Caracter\u00edsticas Generales<\/h3>\n<ul>\n<li><strong>Marca:<\/strong> Whirlpool<\/li>\n<li><strong>Modelo:<\/strong> WP3550S<\/li>\n<li><strong>Color:<\/strong> Gris<\/li>\n<li><strong>Tipo de Gas:<\/strong> Gas<\/li>\n<li><strong>N\u00famero de Quemadores:<\/strong> 5<\/li>\n<li><strong>Tama\u00f1o de la Parrilla:<\/strong> 36 pulgadas (aproximadamente 86 cm)<\/li>\n<\/ul>\n<ul>\n<li style=\"list-style-type: none;\"><\/li>\n<\/ul>\n","protected":false},"excerpt":{"rendered":"<p>Caracter\u00edsticas Generales Marca: Whirlpool Modelo: WP3550S Color: Gris Tipo de Gas: Gas N\u00famero de Quemadores: 5 Tama\u00f1o de la Parrilla: 36 pulgadas (aproximadamente 86 cm)<\/p>\n","protected":false},"featured_media":6115,"template":"","meta":{"_joinchat":[]},"product_brand":[],"product_cat":[190],"product_tag":[204],"class_list":{"0":"post-6112","1":"product","2":"type-product","3":"status-publish","4":"has-post-thumbnail","6":"product_cat-parrillas-de-gas","7":"product_tag-whirlpool","9":"first","10":"instock","11":"shipping-taxable","12":"product-type-simple"},"_links":{"self":[{"href":"https:\/\/eltiosam.com.mx\/index.php\/wp-json\/wp\/v2\/product\/6112","targetHints":{"allow":["GET"]}}],"collection":[{"href":"https:\/\/eltiosam.com.mx\/index.php\/wp-json\/wp\/v2\/product"}],"about":[{"href":"https:\/\/eltiosam.com.mx\/index.php\/wp-json\/wp\/v2\/types\/product"}],"wp:featuredmedia":[{"embeddable":true,"href":"https:\/\/eltiosam.com.mx\/index.php\/wp-json\/wp\/v2\/media\/6115"}],"wp:attachment":[{"href":"https:\/\/eltiosam.com.mx\/index.php\/wp-json\/wp\/v2\/media?parent=6112"}],"wp:term":[{"taxonomy":"product_brand","embeddable":true,"href":"https:\/\/eltiosam.com.mx\/index.php\/wp-json\/wp\/v2\/product_brand?post=6112"},{"taxonomy":"product_cat","embeddable":true,"href":"https:\/\/eltiosam.com.mx\/index.php\/wp-json\/wp\/v2\/product_cat?post=6112"},{"taxonomy":"product_tag","embeddable":true,"href":"https:\/\/eltiosam.com.mx\/index.php\/wp-json\/wp\/v2\/product_tag?post=6112"}],"curies":[{"name":"wp","href":"https:\/\/api.w.org\/{rel}","templated":true}]}}