{"id":6037,"date":"2023-11-30T16:26:34","date_gmt":"2023-11-30T16:26:34","guid":{"rendered":"https:\/\/eltiosam.com.mx\/?post_type=product&#038;p=6037"},"modified":"2024-02-06T00:14:07","modified_gmt":"2024-02-06T00:14:07","slug":"campana-de-pared-whirlpool-whw9915s-de-acero-inoxidable","status":"publish","type":"product","link":"https:\/\/eltiosam.com.mx\/index.php\/product\/campana-de-pared-whirlpool-whw9915s-de-acero-inoxidable\/","title":{"rendered":"Campana de pared Whirlpool WHW9915S de acero inoxidable"},"content":{"rendered":"<p>Campana decorativa, montaje de Pared 90 cm con cielo de cristal templado plano. Cuenta con capacidad de extracci\u00f3n hasta 617 m\u00b3\/hr, 3 velocidades + Turbo\/Boost, Display LCD con iluminaci\u00f3n blanca y controles Soft Touch en panel frontal. Incluye exclusivo Filtro de Carb\u00f3n Activado*, filtro de aluminio atrapa grasa lavable y 2 luces de trabajo LED. *Con mayor duraci\u00f3n en comparaci\u00f3n con un filtro de carb\u00f3n tradicional con duraci\u00f3n aproximada de 6 meses, debido a que el SARATECH\u00ae foam filters puede ser regenerado al calentarse en el horno a una temperatura m\u00e1xima de 110\u00b0C por aproximadamente 1 hora. Es importante tomar en cuenta que el filtro debe encontrarse libre de grasa, y es necesario lavarlo frecuentemente para re-activarlo. Se recomienda cambiarlo cada 3 a\u00f1os. Aplica en modelos WHW9010S Y WHI1010S.<\/p>\n","protected":false},"excerpt":{"rendered":"<p>Campana decorativa, montaje de Pared 90 cm con cielo de cristal templado plano. Cuenta con capacidad de extracci\u00f3n hasta 617 m\u00b3\/hr, 3 velocidades + Turbo\/Boost, Display LCD con iluminaci\u00f3n blanca y controles Soft Touch en panel frontal. Incluye exclusivo Filtro de Carb\u00f3n Activado*, filtro de aluminio atrapa grasa lavable y 2 luces de trabajo LED. [&hellip;]<\/p>\n","protected":false},"featured_media":6040,"template":"","meta":{"_joinchat":[]},"product_brand":[],"product_cat":[45,29],"product_tag":[204],"class_list":{"0":"post-6037","1":"product","2":"type-product","3":"status-publish","4":"has-post-thumbnail","6":"product_cat-campanas","7":"product_cat-coccion","8":"product_tag-whirlpool","10":"first","11":"instock","12":"shipping-taxable","13":"product-type-simple"},"_links":{"self":[{"href":"https:\/\/eltiosam.com.mx\/index.php\/wp-json\/wp\/v2\/product\/6037","targetHints":{"allow":["GET"]}}],"collection":[{"href":"https:\/\/eltiosam.com.mx\/index.php\/wp-json\/wp\/v2\/product"}],"about":[{"href":"https:\/\/eltiosam.com.mx\/index.php\/wp-json\/wp\/v2\/types\/product"}],"wp:featuredmedia":[{"embeddable":true,"href":"https:\/\/eltiosam.com.mx\/index.php\/wp-json\/wp\/v2\/media\/6040"}],"wp:attachment":[{"href":"https:\/\/eltiosam.com.mx\/index.php\/wp-json\/wp\/v2\/media?parent=6037"}],"wp:term":[{"taxonomy":"product_brand","embeddable":true,"href":"https:\/\/eltiosam.com.mx\/index.php\/wp-json\/wp\/v2\/product_brand?post=6037"},{"taxonomy":"product_cat","embeddable":true,"href":"https:\/\/eltiosam.com.mx\/index.php\/wp-json\/wp\/v2\/product_cat?post=6037"},{"taxonomy":"product_tag","embeddable":true,"href":"https:\/\/eltiosam.com.mx\/index.php\/wp-json\/wp\/v2\/product_tag?post=6037"}],"curies":[{"name":"wp","href":"https:\/\/api.w.org\/{rel}","templated":true}]}}