{"id":5967,"date":"2023-11-29T23:44:02","date_gmt":"2023-11-29T23:44:02","guid":{"rendered":"https:\/\/eltiosam.com.mx\/?post_type=product&#038;p=5967"},"modified":"2024-02-07T17:38:28","modified_gmt":"2024-02-07T17:38:28","slug":"cl3650f-s-t-l-congelador-empotrable-acero-de-fabrica-sub-zero","status":"publish","type":"product","link":"https:\/\/eltiosam.com.mx\/index.php\/product\/cl3650f-s-t-l-congelador-empotrable-acero-de-fabrica-sub-zero\/","title":{"rendered":"CL3650F\/S\/T\/L congelador Empotrable Acero de Fabrica Sub Zero"},"content":{"rendered":"<p>Este congelador Sub Zero ofrece un rendimiento eficiente y vers\u00e1til, con opciones de dise\u00f1o y caracter\u00edsticas avanzadas que garantizan una conservaci\u00f3n \u00f3ptima de los alimentos congelados.<\/p>\n","protected":false},"excerpt":{"rendered":"<p>Este congelador Sub Zero ofrece un rendimiento eficiente y vers\u00e1til, con opciones de dise\u00f1o y caracter\u00edsticas avanzadas que garantizan una conservaci\u00f3n \u00f3ptima de los alimentos congelados.<\/p>\n","protected":false},"featured_media":5968,"template":"","meta":{"_joinchat":[]},"product_brand":[],"product_cat":[52,20],"product_tag":[82],"class_list":{"0":"post-5967","1":"product","2":"type-product","3":"status-publish","4":"has-post-thumbnail","6":"product_cat-congeladores","7":"product_cat-refrigeracion","8":"product_tag-sub-zero","10":"first","11":"instock","12":"shipping-taxable","13":"product-type-simple"},"_links":{"self":[{"href":"https:\/\/eltiosam.com.mx\/index.php\/wp-json\/wp\/v2\/product\/5967","targetHints":{"allow":["GET"]}}],"collection":[{"href":"https:\/\/eltiosam.com.mx\/index.php\/wp-json\/wp\/v2\/product"}],"about":[{"href":"https:\/\/eltiosam.com.mx\/index.php\/wp-json\/wp\/v2\/types\/product"}],"wp:featuredmedia":[{"embeddable":true,"href":"https:\/\/eltiosam.com.mx\/index.php\/wp-json\/wp\/v2\/media\/5968"}],"wp:attachment":[{"href":"https:\/\/eltiosam.com.mx\/index.php\/wp-json\/wp\/v2\/media?parent=5967"}],"wp:term":[{"taxonomy":"product_brand","embeddable":true,"href":"https:\/\/eltiosam.com.mx\/index.php\/wp-json\/wp\/v2\/product_brand?post=5967"},{"taxonomy":"product_cat","embeddable":true,"href":"https:\/\/eltiosam.com.mx\/index.php\/wp-json\/wp\/v2\/product_cat?post=5967"},{"taxonomy":"product_tag","embeddable":true,"href":"https:\/\/eltiosam.com.mx\/index.php\/wp-json\/wp\/v2\/product_tag?post=5967"}],"curies":[{"name":"wp","href":"https:\/\/api.w.org\/{rel}","templated":true}]}}