{"id":5895,"date":"2023-11-29T22:30:49","date_gmt":"2023-11-29T22:30:49","guid":{"rendered":"https:\/\/eltiosam.com.mx\/?post_type=product&#038;p=5895"},"modified":"2024-02-26T01:42:37","modified_gmt":"2024-02-26T01:42:37","slug":"refrigerador-midea-10-pies-top-mount-mdrt280windxw-acero","status":"publish","type":"product","link":"https:\/\/eltiosam.com.mx\/index.php\/product\/refrigerador-midea-10-pies-top-mount-mdrt280windxw-acero\/","title":{"rendered":"Refrigerador Midea 10 Pies Top Mount MDRT280WINDXW Acero"},"content":{"rendered":"<p><strong>General:<\/strong><\/p>\n<ul>\n<li><strong>Color:<\/strong> Acero<\/li>\n<li><strong>Producto:<\/strong> Top mount<\/li>\n<li><strong>Marca:<\/strong> MIDEA<\/li>\n<li><strong>Capacidad:<\/strong> 266 L<\/li>\n<li><strong>Capacidad del congelador:<\/strong> 1.5 pies c\u00fabicos<\/li>\n<li><strong>Acabado:<\/strong> Acero<\/li>\n<li><strong>Tecnolog\u00eda no frost:<\/strong> S\u00ed<\/li>\n<\/ul>\n","protected":false},"excerpt":{"rendered":"<p>General: Color: Acero Producto: Top mount Marca: MIDEA Capacidad: 266 L Capacidad del congelador: 1.5 pies c\u00fabicos Acabado: Acero Tecnolog\u00eda no frost: S\u00ed<\/p>\n","protected":false},"featured_media":5896,"template":"","meta":{"_joinchat":[]},"product_brand":[],"product_cat":[20,41],"product_tag":[212],"class_list":{"0":"post-5895","1":"product","2":"type-product","3":"status-publish","4":"has-post-thumbnail","6":"product_cat-refrigeracion","7":"product_cat-refrigeradores","8":"product_tag-midea","10":"first","11":"instock","12":"shipping-taxable","13":"product-type-simple"},"_links":{"self":[{"href":"https:\/\/eltiosam.com.mx\/index.php\/wp-json\/wp\/v2\/product\/5895","targetHints":{"allow":["GET"]}}],"collection":[{"href":"https:\/\/eltiosam.com.mx\/index.php\/wp-json\/wp\/v2\/product"}],"about":[{"href":"https:\/\/eltiosam.com.mx\/index.php\/wp-json\/wp\/v2\/types\/product"}],"wp:featuredmedia":[{"embeddable":true,"href":"https:\/\/eltiosam.com.mx\/index.php\/wp-json\/wp\/v2\/media\/5896"}],"wp:attachment":[{"href":"https:\/\/eltiosam.com.mx\/index.php\/wp-json\/wp\/v2\/media?parent=5895"}],"wp:term":[{"taxonomy":"product_brand","embeddable":true,"href":"https:\/\/eltiosam.com.mx\/index.php\/wp-json\/wp\/v2\/product_brand?post=5895"},{"taxonomy":"product_cat","embeddable":true,"href":"https:\/\/eltiosam.com.mx\/index.php\/wp-json\/wp\/v2\/product_cat?post=5895"},{"taxonomy":"product_tag","embeddable":true,"href":"https:\/\/eltiosam.com.mx\/index.php\/wp-json\/wp\/v2\/product_tag?post=5895"}],"curies":[{"name":"wp","href":"https:\/\/api.w.org\/{rel}","templated":true}]}}