{"id":5868,"date":"2023-11-29T22:00:44","date_gmt":"2023-11-29T22:00:44","guid":{"rendered":"https:\/\/eltiosam.com.mx\/?post_type=product&#038;p=5868"},"modified":"2026-03-17T23:05:33","modified_gmt":"2026-03-17T23:05:33","slug":"lavadora-maytag-29-kg-7mmvw7230lc","status":"publish","type":"product","link":"https:\/\/eltiosam.com.mx\/index.php\/product\/lavadora-maytag-29-kg-7mmvw7230lc\/","title":{"rendered":"Lavadora Maytag 29 kg 7MMVW7230LC"},"content":{"rendered":"<p><strong>Descripci\u00f3n:<\/strong><\/p>\n<p>Esta lavadora es ideal para familias grandes o para quienes necesitan lavar grandes cantidades de ropa, ofreciendo funcionalidades avanzadas y un dise\u00f1o elegante en color gris.<\/p>\n<p>La lavadora Maytag 7MMVW7230LC combina alta capacidad, eficiencia energ\u00e9tica y tecnolog\u00eda moderna, haci\u00e9ndola una opci\u00f3n excelente para el lavado de ropa de manera eficiente y c\u00f3moda\u200b\u200b\u200b\u200b\u200b\u200b\u200b\u200b.<\/p>\n<p><syndigo-powerpage pageid=\"5132098\"><\/syndigo-powerpage><\/p>\n","protected":false},"excerpt":{"rendered":"<p>Descripci\u00f3n: Esta lavadora es ideal para familias grandes o para quienes necesitan lavar grandes cantidades de ropa, ofreciendo funcionalidades avanzadas y un dise\u00f1o elegante en color gris. La lavadora Maytag 7MMVW7230LC combina alta capacidad, eficiencia energ\u00e9tica y tecnolog\u00eda moderna, haci\u00e9ndola una opci\u00f3n excelente para el lavado de ropa de manera eficiente y c\u00f3moda\u200b\u200b\u200b\u200b\u200b\u200b\u200b\u200b.<\/p>\n","protected":false},"featured_media":5871,"template":"","meta":{"_joinchat":[]},"product_brand":[],"product_cat":[179,181],"product_tag":[205],"class_list":{"0":"post-5868","1":"product","2":"type-product","3":"status-publish","4":"has-post-thumbnail","6":"product_cat-lavadoras","7":"product_cat-lavadoras-carga-superior","8":"product_tag-maytag","10":"first","11":"instock","12":"shipping-taxable","13":"product-type-simple"},"_links":{"self":[{"href":"https:\/\/eltiosam.com.mx\/index.php\/wp-json\/wp\/v2\/product\/5868","targetHints":{"allow":["GET"]}}],"collection":[{"href":"https:\/\/eltiosam.com.mx\/index.php\/wp-json\/wp\/v2\/product"}],"about":[{"href":"https:\/\/eltiosam.com.mx\/index.php\/wp-json\/wp\/v2\/types\/product"}],"wp:featuredmedia":[{"embeddable":true,"href":"https:\/\/eltiosam.com.mx\/index.php\/wp-json\/wp\/v2\/media\/5871"}],"wp:attachment":[{"href":"https:\/\/eltiosam.com.mx\/index.php\/wp-json\/wp\/v2\/media?parent=5868"}],"wp:term":[{"taxonomy":"product_brand","embeddable":true,"href":"https:\/\/eltiosam.com.mx\/index.php\/wp-json\/wp\/v2\/product_brand?post=5868"},{"taxonomy":"product_cat","embeddable":true,"href":"https:\/\/eltiosam.com.mx\/index.php\/wp-json\/wp\/v2\/product_cat?post=5868"},{"taxonomy":"product_tag","embeddable":true,"href":"https:\/\/eltiosam.com.mx\/index.php\/wp-json\/wp\/v2\/product_tag?post=5868"}],"curies":[{"name":"wp","href":"https:\/\/api.w.org\/{rel}","templated":true}]}}