{"id":5829,"date":"2023-11-29T21:25:16","date_gmt":"2023-11-29T21:25:16","guid":{"rendered":"https:\/\/eltiosam.com.mx\/?post_type=product&#038;p=5829"},"modified":"2024-02-26T04:48:51","modified_gmt":"2024-02-26T04:48:51","slug":"secadora-de-gas-lp-de-25-kg-mabe-dmg17r8msdab2","status":"publish","type":"product","link":"https:\/\/eltiosam.com.mx\/index.php\/product\/secadora-de-gas-lp-de-25-kg-mabe-dmg17r8msdab2\/","title":{"rendered":"Secadora de gas LP de 25 kg &#8211; Mabe &#8211;  DMG17R8MSDAB2"},"content":{"rendered":"<p>Descripci\u00f3n:<\/p>\n<p>Esta secadora Mabe combina eficiencia en el secado con diversas tecnolog\u00edas para brindar cuidado adicional a tus prendas, ofreciendo un conjunto completo de caracter\u00edsticas para satisfacer tus necesidades de secado.<\/p>\n","protected":false},"excerpt":{"rendered":"<p>Descripci\u00f3n: Esta secadora Mabe combina eficiencia en el secado con diversas tecnolog\u00edas para brindar cuidado adicional a tus prendas, ofreciendo un conjunto completo de caracter\u00edsticas para satisfacer tus necesidades de secado.<\/p>\n","protected":false},"featured_media":5833,"template":"","meta":{"_joinchat":[]},"product_brand":[],"product_cat":[198],"product_tag":[21],"class_list":{"0":"post-5829","1":"product","2":"type-product","3":"status-publish","4":"has-post-thumbnail","6":"product_cat-secadoras","7":"product_tag-mabe","9":"first","10":"instock","11":"shipping-taxable","12":"product-type-simple"},"_links":{"self":[{"href":"https:\/\/eltiosam.com.mx\/index.php\/wp-json\/wp\/v2\/product\/5829","targetHints":{"allow":["GET"]}}],"collection":[{"href":"https:\/\/eltiosam.com.mx\/index.php\/wp-json\/wp\/v2\/product"}],"about":[{"href":"https:\/\/eltiosam.com.mx\/index.php\/wp-json\/wp\/v2\/types\/product"}],"wp:featuredmedia":[{"embeddable":true,"href":"https:\/\/eltiosam.com.mx\/index.php\/wp-json\/wp\/v2\/media\/5833"}],"wp:attachment":[{"href":"https:\/\/eltiosam.com.mx\/index.php\/wp-json\/wp\/v2\/media?parent=5829"}],"wp:term":[{"taxonomy":"product_brand","embeddable":true,"href":"https:\/\/eltiosam.com.mx\/index.php\/wp-json\/wp\/v2\/product_brand?post=5829"},{"taxonomy":"product_cat","embeddable":true,"href":"https:\/\/eltiosam.com.mx\/index.php\/wp-json\/wp\/v2\/product_cat?post=5829"},{"taxonomy":"product_tag","embeddable":true,"href":"https:\/\/eltiosam.com.mx\/index.php\/wp-json\/wp\/v2\/product_tag?post=5829"}],"curies":[{"name":"wp","href":"https:\/\/api.w.org\/{rel}","templated":true}]}}