{"id":5760,"date":"2023-11-29T19:08:20","date_gmt":"2023-11-29T19:08:20","guid":{"rendered":"https:\/\/eltiosam.com.mx\/?post_type=product&#038;p=5760"},"modified":"2024-02-03T02:09:30","modified_gmt":"2024-02-03T02:09:30","slug":"campana-mabe-cmpu761nx0","status":"publish","type":"product","link":"https:\/\/eltiosam.com.mx\/index.php\/product\/campana-mabe-cmpu761nx0\/","title":{"rendered":"Campana  Mabe &#8211; CMPU761NX0"},"content":{"rendered":"<p>Esta campana Mabe es una opci\u00f3n pr\u00e1ctica y funcional para mantener el aire de tu cocina limpio y fresco, complementando est\u00e9ticamente el espacio con su dise\u00f1o elegante en color negro\u200b\u200b\u200b\u200b\u200b\u200b\u200b\u200b\u200b\u200b.<\/p>\n","protected":false},"excerpt":{"rendered":"<p>Esta campana Mabe es una opci\u00f3n pr\u00e1ctica y funcional para mantener el aire de tu cocina limpio y fresco, complementando est\u00e9ticamente el espacio con su dise\u00f1o elegante en color negro\u200b\u200b\u200b\u200b\u200b\u200b\u200b\u200b\u200b\u200b.<\/p>\n","protected":false},"featured_media":5761,"template":"","meta":{"_joinchat":[]},"product_brand":[],"product_cat":[45,29],"product_tag":[21],"class_list":{"0":"post-5760","1":"product","2":"type-product","3":"status-publish","4":"has-post-thumbnail","6":"product_cat-campanas","7":"product_cat-coccion","8":"product_tag-mabe","10":"first","11":"instock","12":"shipping-taxable","13":"product-type-simple"},"_links":{"self":[{"href":"https:\/\/eltiosam.com.mx\/index.php\/wp-json\/wp\/v2\/product\/5760","targetHints":{"allow":["GET"]}}],"collection":[{"href":"https:\/\/eltiosam.com.mx\/index.php\/wp-json\/wp\/v2\/product"}],"about":[{"href":"https:\/\/eltiosam.com.mx\/index.php\/wp-json\/wp\/v2\/types\/product"}],"wp:featuredmedia":[{"embeddable":true,"href":"https:\/\/eltiosam.com.mx\/index.php\/wp-json\/wp\/v2\/media\/5761"}],"wp:attachment":[{"href":"https:\/\/eltiosam.com.mx\/index.php\/wp-json\/wp\/v2\/media?parent=5760"}],"wp:term":[{"taxonomy":"product_brand","embeddable":true,"href":"https:\/\/eltiosam.com.mx\/index.php\/wp-json\/wp\/v2\/product_brand?post=5760"},{"taxonomy":"product_cat","embeddable":true,"href":"https:\/\/eltiosam.com.mx\/index.php\/wp-json\/wp\/v2\/product_cat?post=5760"},{"taxonomy":"product_tag","embeddable":true,"href":"https:\/\/eltiosam.com.mx\/index.php\/wp-json\/wp\/v2\/product_tag?post=5760"}],"curies":[{"name":"wp","href":"https:\/\/api.w.org\/{rel}","templated":true}]}}