{"id":5687,"date":"2023-11-29T17:30:58","date_gmt":"2023-11-29T17:30:58","guid":{"rendered":"https:\/\/eltiosam.com.mx\/?post_type=product&#038;p=5687"},"modified":"2024-02-26T00:42:54","modified_gmt":"2024-02-26T00:42:54","slug":"refrigerador-lg-gt24bs-smart-inverter","status":"publish","type":"product","link":"https:\/\/eltiosam.com.mx\/index.php\/product\/refrigerador-lg-gt24bs-smart-inverter\/","title":{"rendered":"Refrigerador LG &#8211; GT24BS &#8211; Smart Inverter"},"content":{"rendered":"<p><strong>Descripci\u00f3n:<\/strong><\/p>\n<p>Este refrigerador ofrece un amplio espacio para almacenar alimentos de manera organizada, ideal para familias grandes o quienes necesitan un gran espacio de almacenamiento. Su tecnolog\u00eda Smart Inverter garantiza un funcionamiento eficiente y silencioso, adem\u00e1s de ser energ\u00e9ticamente eficiente. La funci\u00f3n Multi Air Flow asegura una distribuci\u00f3n uniforme del aire fr\u00edo, lo que ayuda a mantener los alimentos frescos por m\u00e1s tiempo. La puerta reversible y el caj\u00f3n Humidity Crisper son caracter\u00edsticas adicionales que mejoran la funcionalidad y conveniencia del refrigerador\u200b\u200b\u200b\u200b\u200b\u200b\u200b\u200b.<\/p>\n","protected":false},"excerpt":{"rendered":"<p>Descripci\u00f3n: Este refrigerador ofrece un amplio espacio para almacenar alimentos de manera organizada, ideal para familias grandes o quienes necesitan un gran espacio de almacenamiento. Su tecnolog\u00eda Smart Inverter garantiza un funcionamiento eficiente y silencioso, adem\u00e1s de ser energ\u00e9ticamente eficiente. La funci\u00f3n Multi Air Flow asegura una distribuci\u00f3n uniforme del aire fr\u00edo, lo que ayuda [&hellip;]<\/p>\n","protected":false},"featured_media":5688,"template":"","meta":{"_joinchat":[]},"product_brand":[],"product_cat":[20,41],"product_tag":[208],"class_list":{"0":"post-5687","1":"product","2":"type-product","3":"status-publish","4":"has-post-thumbnail","6":"product_cat-refrigeracion","7":"product_cat-refrigeradores","8":"product_tag-lg","10":"first","11":"instock","12":"shipping-taxable","13":"product-type-simple"},"_links":{"self":[{"href":"https:\/\/eltiosam.com.mx\/index.php\/wp-json\/wp\/v2\/product\/5687","targetHints":{"allow":["GET"]}}],"collection":[{"href":"https:\/\/eltiosam.com.mx\/index.php\/wp-json\/wp\/v2\/product"}],"about":[{"href":"https:\/\/eltiosam.com.mx\/index.php\/wp-json\/wp\/v2\/types\/product"}],"wp:featuredmedia":[{"embeddable":true,"href":"https:\/\/eltiosam.com.mx\/index.php\/wp-json\/wp\/v2\/media\/5688"}],"wp:attachment":[{"href":"https:\/\/eltiosam.com.mx\/index.php\/wp-json\/wp\/v2\/media?parent=5687"}],"wp:term":[{"taxonomy":"product_brand","embeddable":true,"href":"https:\/\/eltiosam.com.mx\/index.php\/wp-json\/wp\/v2\/product_brand?post=5687"},{"taxonomy":"product_cat","embeddable":true,"href":"https:\/\/eltiosam.com.mx\/index.php\/wp-json\/wp\/v2\/product_cat?post=5687"},{"taxonomy":"product_tag","embeddable":true,"href":"https:\/\/eltiosam.com.mx\/index.php\/wp-json\/wp\/v2\/product_tag?post=5687"}],"curies":[{"name":"wp","href":"https:\/\/api.w.org\/{rel}","templated":true}]}}