{"id":5607,"date":"2023-11-28T23:13:30","date_gmt":"2023-11-28T23:13:30","guid":{"rendered":"https:\/\/eltiosam.com.mx\/?post_type=product&#038;p=5607"},"modified":"2024-02-24T18:37:36","modified_gmt":"2024-02-24T18:37:36","slug":"refrigerador-ge-profile-gempdf21eyrcfs","status":"publish","type":"product","link":"https:\/\/eltiosam.com.mx\/index.php\/product\/refrigerador-ge-profile-gempdf21eyrcfs\/","title":{"rendered":"Refrigerador  GE Profile &#8211; GEMPDF21EYRCFS"},"content":{"rendered":"<p><b>Descripci\u00f3n:<\/b><\/p>\n<ul>\n<li><strong>Tecnolog\u00eda Total Fresh Flow<\/strong> para m\u00e1xima conservaci\u00f3n y frescura de los alimentos<\/li>\n<li><strong>Sensores<\/strong> que determinan la temperatura ideal para mantener siempre frescos los alimentos<\/li>\n<li><strong>Iluminaci\u00f3n LED<\/strong> para mayor visibilidad en todos los espacios<\/li>\n<li><strong>F\u00e1brica de Hielos<\/strong> instalada<\/li>\n<li><strong>Control de Humedad<\/strong><\/li>\n<li><strong>Display Electr\u00f3nico<\/strong><\/li>\n<li><strong>3 Sensores de Temperatura<\/strong><\/li>\n<li><strong>Alarma Puerta Abierta<\/strong><\/li>\n<\/ul>\n","protected":false},"excerpt":{"rendered":"<p>Descripci\u00f3n: Tecnolog\u00eda Total Fresh Flow para m\u00e1xima conservaci\u00f3n y frescura de los alimentos Sensores que determinan la temperatura ideal para mantener siempre frescos los alimentos Iluminaci\u00f3n LED para mayor visibilidad en todos los espacios F\u00e1brica de Hielos instalada Control de Humedad Display Electr\u00f3nico 3 Sensores de Temperatura Alarma Puerta Abierta<\/p>\n","protected":false},"featured_media":5608,"template":"","meta":{"_joinchat":[]},"product_brand":[],"product_cat":[20,41],"product_tag":[117],"class_list":{"0":"post-5607","1":"product","2":"type-product","3":"status-publish","4":"has-post-thumbnail","6":"product_cat-refrigeracion","7":"product_cat-refrigeradores","8":"product_tag-ge-profile","10":"first","11":"instock","12":"shipping-taxable","13":"product-type-simple"},"_links":{"self":[{"href":"https:\/\/eltiosam.com.mx\/index.php\/wp-json\/wp\/v2\/product\/5607","targetHints":{"allow":["GET"]}}],"collection":[{"href":"https:\/\/eltiosam.com.mx\/index.php\/wp-json\/wp\/v2\/product"}],"about":[{"href":"https:\/\/eltiosam.com.mx\/index.php\/wp-json\/wp\/v2\/types\/product"}],"wp:featuredmedia":[{"embeddable":true,"href":"https:\/\/eltiosam.com.mx\/index.php\/wp-json\/wp\/v2\/media\/5608"}],"wp:attachment":[{"href":"https:\/\/eltiosam.com.mx\/index.php\/wp-json\/wp\/v2\/media?parent=5607"}],"wp:term":[{"taxonomy":"product_brand","embeddable":true,"href":"https:\/\/eltiosam.com.mx\/index.php\/wp-json\/wp\/v2\/product_brand?post=5607"},{"taxonomy":"product_cat","embeddable":true,"href":"https:\/\/eltiosam.com.mx\/index.php\/wp-json\/wp\/v2\/product_cat?post=5607"},{"taxonomy":"product_tag","embeddable":true,"href":"https:\/\/eltiosam.com.mx\/index.php\/wp-json\/wp\/v2\/product_tag?post=5607"}],"curies":[{"name":"wp","href":"https:\/\/api.w.org\/{rel}","templated":true}]}}