{"id":5604,"date":"2023-11-28T23:10:34","date_gmt":"2023-11-28T23:10:34","guid":{"rendered":"https:\/\/eltiosam.com.mx\/?post_type=product&#038;p=5604"},"modified":"2024-02-24T18:53:27","modified_gmt":"2024-02-24T18:53:27","slug":"refrigerador-595-l-inoxidable-ge-profile-pdf21eyrcfs","status":"publish","type":"product","link":"https:\/\/eltiosam.com.mx\/index.php\/product\/refrigerador-595-l-inoxidable-ge-profile-pdf21eyrcfs\/","title":{"rendered":"Refrigerador 595 L Inoxidable Ge Profile &#8211; PDF21EYRCFS"},"content":{"rendered":"<p><b>Descripci\u00f3n:<\/b><\/p>\n<p>Este refrigerador combina espacio amplio con tecnolog\u00eda avanzada para brindar un rendimiento eficiente y mantener tus alimentos frescos por m\u00e1s tiempo.<\/p>\n","protected":false},"excerpt":{"rendered":"<p>Descripci\u00f3n: Este refrigerador combina espacio amplio con tecnolog\u00eda avanzada para brindar un rendimiento eficiente y mantener tus alimentos frescos por m\u00e1s tiempo.<\/p>\n","protected":false},"featured_media":5606,"template":"","meta":{"_joinchat":[]},"product_brand":[],"product_cat":[20,41],"product_tag":[117],"class_list":{"0":"post-5604","1":"product","2":"type-product","3":"status-publish","4":"has-post-thumbnail","6":"product_cat-refrigeracion","7":"product_cat-refrigeradores","8":"product_tag-ge-profile","10":"first","11":"instock","12":"shipping-taxable","13":"product-type-simple"},"_links":{"self":[{"href":"https:\/\/eltiosam.com.mx\/index.php\/wp-json\/wp\/v2\/product\/5604","targetHints":{"allow":["GET"]}}],"collection":[{"href":"https:\/\/eltiosam.com.mx\/index.php\/wp-json\/wp\/v2\/product"}],"about":[{"href":"https:\/\/eltiosam.com.mx\/index.php\/wp-json\/wp\/v2\/types\/product"}],"wp:featuredmedia":[{"embeddable":true,"href":"https:\/\/eltiosam.com.mx\/index.php\/wp-json\/wp\/v2\/media\/5606"}],"wp:attachment":[{"href":"https:\/\/eltiosam.com.mx\/index.php\/wp-json\/wp\/v2\/media?parent=5604"}],"wp:term":[{"taxonomy":"product_brand","embeddable":true,"href":"https:\/\/eltiosam.com.mx\/index.php\/wp-json\/wp\/v2\/product_brand?post=5604"},{"taxonomy":"product_cat","embeddable":true,"href":"https:\/\/eltiosam.com.mx\/index.php\/wp-json\/wp\/v2\/product_cat?post=5604"},{"taxonomy":"product_tag","embeddable":true,"href":"https:\/\/eltiosam.com.mx\/index.php\/wp-json\/wp\/v2\/product_tag?post=5604"}],"curies":[{"name":"wp","href":"https:\/\/api.w.org\/{rel}","templated":true}]}}