{"id":4534,"date":"2023-11-15T21:59:28","date_gmt":"2023-11-15T21:59:28","guid":{"rendered":"http:\/\/eltiosam.com.mx\/index.php\/product\/triturador-in-sink-erator-100\/"},"modified":"2024-02-27T21:19:39","modified_gmt":"2024-02-27T21:19:39","slug":"triturador-in-sink-erator-100","status":"publish","type":"product","link":"https:\/\/eltiosam.com.mx\/index.php\/product\/triturador-in-sink-erator-100\/","title":{"rendered":"TRITURADOR IN SINK ERATOR 100"},"content":{"rendered":"<p><strong>Descripci\u00f3n:<\/strong><\/p>\n<p>Este triturador cuenta con una tecnolog\u00eda de trituraci\u00f3n por fases que lo hace eficiente en la gesti\u00f3n de residuos de alimentos. Adem\u00e1s, su funcionamiento silencioso es una caracter\u00edstica valiosa para la comodidad en la cocina. La cesta de filtrado de acero inoxidable ayuda a retener part\u00edculas m\u00e1s grandes y a mantener el sistema en buenas condiciones.<\/p>\n","protected":false},"excerpt":{"rendered":"<p>Descripci\u00f3n: Este triturador cuenta con una tecnolog\u00eda de trituraci\u00f3n por fases que lo hace eficiente en la gesti\u00f3n de residuos de alimentos. Adem\u00e1s, su funcionamiento silencioso es una caracter\u00edstica valiosa para la comodidad en la cocina. La cesta de filtrado de acero inoxidable ayuda a retener part\u00edculas m\u00e1s grandes y a mantener el sistema en [&hellip;]<\/p>\n","protected":false},"featured_media":5353,"template":"","meta":{"_joinchat":[]},"product_brand":[],"product_cat":[161,202,42],"product_tag":[130],"class_list":{"0":"post-4534","1":"product","2":"type-product","3":"status-publish","4":"has-post-thumbnail","6":"product_cat-best-selling-products","7":"product_cat-trituradores","8":"product_cat-varios","9":"product_tag-ink-sink-erator","11":"first","12":"outofstock","13":"shipping-taxable","14":"purchasable","15":"product-type-simple"},"_links":{"self":[{"href":"https:\/\/eltiosam.com.mx\/index.php\/wp-json\/wp\/v2\/product\/4534","targetHints":{"allow":["GET"]}}],"collection":[{"href":"https:\/\/eltiosam.com.mx\/index.php\/wp-json\/wp\/v2\/product"}],"about":[{"href":"https:\/\/eltiosam.com.mx\/index.php\/wp-json\/wp\/v2\/types\/product"}],"wp:featuredmedia":[{"embeddable":true,"href":"https:\/\/eltiosam.com.mx\/index.php\/wp-json\/wp\/v2\/media\/5353"}],"wp:attachment":[{"href":"https:\/\/eltiosam.com.mx\/index.php\/wp-json\/wp\/v2\/media?parent=4534"}],"wp:term":[{"taxonomy":"product_brand","embeddable":true,"href":"https:\/\/eltiosam.com.mx\/index.php\/wp-json\/wp\/v2\/product_brand?post=4534"},{"taxonomy":"product_cat","embeddable":true,"href":"https:\/\/eltiosam.com.mx\/index.php\/wp-json\/wp\/v2\/product_cat?post=4534"},{"taxonomy":"product_tag","embeddable":true,"href":"https:\/\/eltiosam.com.mx\/index.php\/wp-json\/wp\/v2\/product_tag?post=4534"}],"curies":[{"name":"wp","href":"https:\/\/api.w.org\/{rel}","templated":true}]}}