{"id":4522,"date":"2023-11-15T21:59:25","date_gmt":"2023-11-15T21:59:25","guid":{"rendered":"http:\/\/eltiosam.com.mx\/index.php\/product\/trim-para-refrigerador-whirlpool-skt60m\/"},"modified":"2024-02-27T21:14:48","modified_gmt":"2024-02-27T21:14:48","slug":"trim-para-refrigerador-whirlpool-skt60m","status":"publish","type":"product","link":"https:\/\/eltiosam.com.mx\/index.php\/product\/trim-para-refrigerador-whirlpool-skt60m\/","title":{"rendered":"TRIM PARA REFRIGERADOR WHIRLPOOL SKT60M"},"content":{"rendered":"<p><b>Descripci\u00f3n:<\/b><\/p>\n<p>Este refrigerador-congelador ofrece un amplio espacio interior y cuenta con controles electr\u00f3nicos de temperatura para mantener tus alimentos en condiciones \u00f3ptimas. El dise\u00f1o vanguardista en acero inoxidable agrega un toque moderno a tu hogar. Adem\u00e1s, puedes optar por la funci\u00f3n de fabrica de hielo (opcional).<\/p>\n","protected":false},"excerpt":{"rendered":"<p>Descripci\u00f3n: Este refrigerador-congelador ofrece un amplio espacio interior y cuenta con controles electr\u00f3nicos de temperatura para mantener tus alimentos en condiciones \u00f3ptimas. El dise\u00f1o vanguardista en acero inoxidable agrega un toque moderno a tu hogar. Adem\u00e1s, puedes optar por la funci\u00f3n de fabrica de hielo (opcional).<\/p>\n","protected":false},"featured_media":5349,"template":"","meta":{"_joinchat":[]},"product_brand":[],"product_cat":[161,20,41],"product_tag":[204],"class_list":{"0":"post-4522","1":"product","2":"type-product","3":"status-publish","4":"has-post-thumbnail","6":"product_cat-best-selling-products","7":"product_cat-refrigeracion","8":"product_cat-refrigeradores","9":"product_tag-whirlpool","11":"first","12":"outofstock","13":"shipping-taxable","14":"purchasable","15":"product-type-simple"},"_links":{"self":[{"href":"https:\/\/eltiosam.com.mx\/index.php\/wp-json\/wp\/v2\/product\/4522","targetHints":{"allow":["GET"]}}],"collection":[{"href":"https:\/\/eltiosam.com.mx\/index.php\/wp-json\/wp\/v2\/product"}],"about":[{"href":"https:\/\/eltiosam.com.mx\/index.php\/wp-json\/wp\/v2\/types\/product"}],"wp:featuredmedia":[{"embeddable":true,"href":"https:\/\/eltiosam.com.mx\/index.php\/wp-json\/wp\/v2\/media\/5349"}],"wp:attachment":[{"href":"https:\/\/eltiosam.com.mx\/index.php\/wp-json\/wp\/v2\/media?parent=4522"}],"wp:term":[{"taxonomy":"product_brand","embeddable":true,"href":"https:\/\/eltiosam.com.mx\/index.php\/wp-json\/wp\/v2\/product_brand?post=4522"},{"taxonomy":"product_cat","embeddable":true,"href":"https:\/\/eltiosam.com.mx\/index.php\/wp-json\/wp\/v2\/product_cat?post=4522"},{"taxonomy":"product_tag","embeddable":true,"href":"https:\/\/eltiosam.com.mx\/index.php\/wp-json\/wp\/v2\/product_tag?post=4522"}],"curies":[{"name":"wp","href":"https:\/\/api.w.org\/{rel}","templated":true}]}}