{"id":4454,"date":"2023-11-15T21:59:01","date_gmt":"2023-11-15T21:59:01","guid":{"rendered":"http:\/\/eltiosam.com.mx\/index.php\/product\/tarja-teka-square-72-40-tg-w\/"},"modified":"2024-02-27T19:53:44","modified_gmt":"2024-02-27T19:53:44","slug":"tarja-teka-square-72-40-tg-w","status":"publish","type":"product","link":"https:\/\/eltiosam.com.mx\/index.php\/product\/tarja-teka-square-72-40-tg-w\/","title":{"rendered":"TARJA TEKA SQUARE 72.40 TG W"},"content":{"rendered":"<p><strong>Descripci\u00f3n:<\/strong><\/p>\n<p>La Tarja Teka Square 72.40 TG W es una opci\u00f3n excelente para tu cocina, con caracter\u00edsticas y dimensiones que la hacen vers\u00e1til y resistente. Esta tarja ofrece una combinaci\u00f3n de elegancia y resistencia, ideal para una variedad de estilos de cocina y usos diarios.<\/p>\n","protected":false},"excerpt":{"rendered":"<p>Descripci\u00f3n: La Tarja Teka Square 72.40 TG W es una opci\u00f3n excelente para tu cocina, con caracter\u00edsticas y dimensiones que la hacen vers\u00e1til y resistente. Esta tarja ofrece una combinaci\u00f3n de elegancia y resistencia, ideal para una variedad de estilos de cocina y usos diarios.<\/p>\n","protected":false},"featured_media":5325,"template":"","meta":{"_joinchat":[]},"product_brand":[],"product_cat":[161,47,201,42],"product_tag":[106],"class_list":{"0":"post-4454","1":"product","2":"type-product","3":"status-publish","4":"has-post-thumbnail","6":"product_cat-best-selling-products","7":"product_cat-tarjas","8":"product_cat-tarjas-de-submontar","9":"product_cat-varios","10":"product_tag-teka","12":"first","13":"outofstock","14":"shipping-taxable","15":"purchasable","16":"product-type-simple"},"_links":{"self":[{"href":"https:\/\/eltiosam.com.mx\/index.php\/wp-json\/wp\/v2\/product\/4454","targetHints":{"allow":["GET"]}}],"collection":[{"href":"https:\/\/eltiosam.com.mx\/index.php\/wp-json\/wp\/v2\/product"}],"about":[{"href":"https:\/\/eltiosam.com.mx\/index.php\/wp-json\/wp\/v2\/types\/product"}],"wp:featuredmedia":[{"embeddable":true,"href":"https:\/\/eltiosam.com.mx\/index.php\/wp-json\/wp\/v2\/media\/5325"}],"wp:attachment":[{"href":"https:\/\/eltiosam.com.mx\/index.php\/wp-json\/wp\/v2\/media?parent=4454"}],"wp:term":[{"taxonomy":"product_brand","embeddable":true,"href":"https:\/\/eltiosam.com.mx\/index.php\/wp-json\/wp\/v2\/product_brand?post=4454"},{"taxonomy":"product_cat","embeddable":true,"href":"https:\/\/eltiosam.com.mx\/index.php\/wp-json\/wp\/v2\/product_cat?post=4454"},{"taxonomy":"product_tag","embeddable":true,"href":"https:\/\/eltiosam.com.mx\/index.php\/wp-json\/wp\/v2\/product_tag?post=4454"}],"curies":[{"name":"wp","href":"https:\/\/api.w.org\/{rel}","templated":true}]}}