{"id":4323,"date":"2023-11-15T21:57:55","date_gmt":"2023-11-15T21:57:55","guid":{"rendered":"http:\/\/eltiosam.com.mx\/index.php\/product\/tarja-kele-kud3120-3\/"},"modified":"2025-06-09T23:33:10","modified_gmt":"2025-06-09T23:33:10","slug":"tarja-kele-kud3120-3","status":"publish","type":"product","link":"https:\/\/eltiosam.com.mx\/index.php\/product\/tarja-kele-kud3120-3\/","title":{"rendered":"TARJA KELE KUD3120-3"},"content":{"rendered":"<ul>\n<li><b>Descripci\u00f3n:<\/b><\/li>\n<\/ul>\n<p>Adem\u00e1s, se incluyen contracanastas para cada tina, lo que mejora la funcionalidad y la eficiencia en el uso diario. El recubrimiento posterior de poliuretano puede proporcionar una capa adicional de protecci\u00f3n. Esta tarja es ideal para aquellos que buscan una soluci\u00f3n pr\u00e1ctica y est\u00e9ticamente agradable para su cocina.<\/p>\n","protected":false},"excerpt":{"rendered":"<p>Descripci\u00f3n: Adem\u00e1s, se incluyen contracanastas para cada tina, lo que mejora la funcionalidad y la eficiencia en el uso diario. El recubrimiento posterior de poliuretano puede proporcionar una capa adicional de protecci\u00f3n. Esta tarja es ideal para aquellos que buscan una soluci\u00f3n pr\u00e1ctica y est\u00e9ticamente agradable para su cocina.<\/p>\n","protected":false},"featured_media":11638,"template":"","meta":{"_joinchat":[]},"product_brand":[],"product_cat":[161,47,201,42],"product_tag":[70],"class_list":{"0":"post-4323","1":"product","2":"type-product","3":"status-publish","4":"has-post-thumbnail","6":"product_cat-best-selling-products","7":"product_cat-tarjas","8":"product_cat-tarjas-de-submontar","9":"product_cat-varios","10":"product_tag-kele","12":"first","13":"outofstock","14":"shipping-taxable","15":"purchasable","16":"product-type-simple"},"_links":{"self":[{"href":"https:\/\/eltiosam.com.mx\/index.php\/wp-json\/wp\/v2\/product\/4323","targetHints":{"allow":["GET"]}}],"collection":[{"href":"https:\/\/eltiosam.com.mx\/index.php\/wp-json\/wp\/v2\/product"}],"about":[{"href":"https:\/\/eltiosam.com.mx\/index.php\/wp-json\/wp\/v2\/types\/product"}],"wp:featuredmedia":[{"embeddable":true,"href":"https:\/\/eltiosam.com.mx\/index.php\/wp-json\/wp\/v2\/media\/11638"}],"wp:attachment":[{"href":"https:\/\/eltiosam.com.mx\/index.php\/wp-json\/wp\/v2\/media?parent=4323"}],"wp:term":[{"taxonomy":"product_brand","embeddable":true,"href":"https:\/\/eltiosam.com.mx\/index.php\/wp-json\/wp\/v2\/product_brand?post=4323"},{"taxonomy":"product_cat","embeddable":true,"href":"https:\/\/eltiosam.com.mx\/index.php\/wp-json\/wp\/v2\/product_cat?post=4323"},{"taxonomy":"product_tag","embeddable":true,"href":"https:\/\/eltiosam.com.mx\/index.php\/wp-json\/wp\/v2\/product_tag?post=4323"}],"curies":[{"name":"wp","href":"https:\/\/api.w.org\/{rel}","templated":true}]}}