{"id":4319,"date":"2023-11-15T21:57:48","date_gmt":"2023-11-15T21:57:48","guid":{"rendered":"http:\/\/eltiosam.com.mx\/index.php\/product\/tarja-kele-kqd3420a-bl\/"},"modified":"2024-02-26T18:52:51","modified_gmt":"2024-02-26T18:52:51","slug":"tarja-kele-kqd3420a-bl","status":"publish","type":"product","link":"https:\/\/eltiosam.com.mx\/index.php\/product\/tarja-kele-kqd3420a-bl\/","title":{"rendered":"TARJA KELE KQD3420A-BL"},"content":{"rendered":"<ul>\n<li><b>Descripci\u00f3n:<\/b><\/li>\n<\/ul>\n<p>Este fregadero de doble tina asim\u00e9trica proporciona un dise\u00f1o moderno y funcional. La posibilidad de instalarlo como un fregadero empotrado o submontado brinda flexibilidad en el dise\u00f1o de la cocina. Con una profundidad de 200 mm, es adecuado para diversas tareas de lavado. Las esquinas Small Angle R25 y el acabado en negro o espresso le dan un aspecto contempor\u00e1neo y elegante. Adem\u00e1s, se incluyen accesorios \u00fatiles como una tabla para picar, SmartMat, dispensador de jab\u00f3n y contra canastas para mejorar la funcionalidad y la experiencia en la cocina.<\/p>\n","protected":false},"excerpt":{"rendered":"<p>Descripci\u00f3n: Este fregadero de doble tina asim\u00e9trica proporciona un dise\u00f1o moderno y funcional. La posibilidad de instalarlo como un fregadero empotrado o submontado brinda flexibilidad en el dise\u00f1o de la cocina. Con una profundidad de 200 mm, es adecuado para diversas tareas de lavado. Las esquinas Small Angle R25 y el acabado en negro o [&hellip;]<\/p>\n","protected":false},"featured_media":5256,"template":"","meta":{"_joinchat":[]},"product_brand":[],"product_cat":[161,47,201,42],"product_tag":[70],"class_list":{"0":"post-4319","1":"product","2":"type-product","3":"status-publish","4":"has-post-thumbnail","6":"product_cat-best-selling-products","7":"product_cat-tarjas","8":"product_cat-tarjas-de-submontar","9":"product_cat-varios","10":"product_tag-kele","12":"first","13":"outofstock","14":"shipping-taxable","15":"purchasable","16":"product-type-simple"},"_links":{"self":[{"href":"https:\/\/eltiosam.com.mx\/index.php\/wp-json\/wp\/v2\/product\/4319","targetHints":{"allow":["GET"]}}],"collection":[{"href":"https:\/\/eltiosam.com.mx\/index.php\/wp-json\/wp\/v2\/product"}],"about":[{"href":"https:\/\/eltiosam.com.mx\/index.php\/wp-json\/wp\/v2\/types\/product"}],"wp:featuredmedia":[{"embeddable":true,"href":"https:\/\/eltiosam.com.mx\/index.php\/wp-json\/wp\/v2\/media\/5256"}],"wp:attachment":[{"href":"https:\/\/eltiosam.com.mx\/index.php\/wp-json\/wp\/v2\/media?parent=4319"}],"wp:term":[{"taxonomy":"product_brand","embeddable":true,"href":"https:\/\/eltiosam.com.mx\/index.php\/wp-json\/wp\/v2\/product_brand?post=4319"},{"taxonomy":"product_cat","embeddable":true,"href":"https:\/\/eltiosam.com.mx\/index.php\/wp-json\/wp\/v2\/product_cat?post=4319"},{"taxonomy":"product_tag","embeddable":true,"href":"https:\/\/eltiosam.com.mx\/index.php\/wp-json\/wp\/v2\/product_tag?post=4319"}],"curies":[{"name":"wp","href":"https:\/\/api.w.org\/{rel}","templated":true}]}}