{"id":4301,"date":"2023-11-15T21:57:27","date_gmt":"2023-11-15T21:57:27","guid":{"rendered":"http:\/\/eltiosam.com.mx\/index.php\/product\/tarja-eb-c200\/"},"modified":"2024-02-26T18:02:26","modified_gmt":"2024-02-26T18:02:26","slug":"tarja-eb-c200","status":"publish","type":"product","link":"https:\/\/eltiosam.com.mx\/index.php\/product\/tarja-eb-c200\/","title":{"rendered":"TARJA EB C200"},"content":{"rendered":"<p>La Tarja EB C200 es un fregadero dise\u00f1ado para proporcionar funcionalidad y estilo a la cocina. A continuaci\u00f3n, se detallan sus caracter\u00edsticas y especificaciones:<\/p>\n<p><strong>L\u00ednea Cl\u00e1sica:<\/strong><\/p>\n<ul>\n<li>La l\u00ednea cl\u00e1sica de la Tarja EB C200 se adapta a cualquier tipo de decoraci\u00f3n en la cocina. Sus tinas de gran tama\u00f1o ofrecen comodidad para lavar vajillas, cacerolas y otros accesorios de cocina.<\/li>\n<\/ul>\n<p><strong>Empotrar:<\/strong><\/p>\n<ul>\n<li>F\u00e1cil instalaci\u00f3n y puede colocarse en cualquier cubierta.<\/li>\n<\/ul>\n","protected":false},"excerpt":{"rendered":"<p>La Tarja EB C200 es un fregadero dise\u00f1ado para proporcionar funcionalidad y estilo a la cocina. A continuaci\u00f3n, se detallan sus caracter\u00edsticas y especificaciones: L\u00ednea Cl\u00e1sica: La l\u00ednea cl\u00e1sica de la Tarja EB C200 se adapta a cualquier tipo de decoraci\u00f3n en la cocina. Sus tinas de gran tama\u00f1o ofrecen comodidad para lavar vajillas, cacerolas [&hellip;]<\/p>\n","protected":false},"featured_media":5241,"template":"","meta":{"_joinchat":[]},"product_brand":[],"product_cat":[161,47,200,42],"product_tag":[44],"class_list":{"0":"post-4301","1":"product","2":"type-product","3":"status-publish","4":"has-post-thumbnail","6":"product_cat-best-selling-products","7":"product_cat-tarjas","8":"product_cat-tarjas-de-sobreponer","9":"product_cat-varios","10":"product_tag-eb","12":"first","13":"outofstock","14":"shipping-taxable","15":"purchasable","16":"product-type-simple"},"_links":{"self":[{"href":"https:\/\/eltiosam.com.mx\/index.php\/wp-json\/wp\/v2\/product\/4301","targetHints":{"allow":["GET"]}}],"collection":[{"href":"https:\/\/eltiosam.com.mx\/index.php\/wp-json\/wp\/v2\/product"}],"about":[{"href":"https:\/\/eltiosam.com.mx\/index.php\/wp-json\/wp\/v2\/types\/product"}],"wp:featuredmedia":[{"embeddable":true,"href":"https:\/\/eltiosam.com.mx\/index.php\/wp-json\/wp\/v2\/media\/5241"}],"wp:attachment":[{"href":"https:\/\/eltiosam.com.mx\/index.php\/wp-json\/wp\/v2\/media?parent=4301"}],"wp:term":[{"taxonomy":"product_brand","embeddable":true,"href":"https:\/\/eltiosam.com.mx\/index.php\/wp-json\/wp\/v2\/product_brand?post=4301"},{"taxonomy":"product_cat","embeddable":true,"href":"https:\/\/eltiosam.com.mx\/index.php\/wp-json\/wp\/v2\/product_cat?post=4301"},{"taxonomy":"product_tag","embeddable":true,"href":"https:\/\/eltiosam.com.mx\/index.php\/wp-json\/wp\/v2\/product_tag?post=4301"}],"curies":[{"name":"wp","href":"https:\/\/api.w.org\/{rel}","templated":true}]}}