{"id":4299,"date":"2023-11-15T21:57:25","date_gmt":"2023-11-15T21:57:25","guid":{"rendered":"http:\/\/eltiosam.com.mx\/index.php\/product\/tarja-de-submontar-schock-horizont-200-stone\/"},"modified":"2024-02-26T17:57:13","modified_gmt":"2024-02-26T17:57:13","slug":"tarja-de-submontar-schock-horizont-200-stone","status":"publish","type":"product","link":"https:\/\/eltiosam.com.mx\/index.php\/product\/tarja-de-submontar-schock-horizont-200-stone\/","title":{"rendered":"TARJA DE SUBMONTAR SCHOCK HORIZONT 200 STONE"},"content":{"rendered":"<p>La Tarja de Submontar Schock Horizont N-200 Stone es un fregadero de cuarzo dise\u00f1ado para brindar funcionalidad y estilo a la cocina. A continuaci\u00f3n, se detallan sus caracter\u00edsticas y especificaciones:<\/p>\n<p><strong>Descripci\u00f3n del Producto:<\/strong><\/p>\n<ul>\n<li><strong>Tipo de Tarja:<\/strong> Fregadero de cuarzo con 2 cubetas.<\/li>\n<li><strong>Modelo:<\/strong> HORIZONT N-200 STONE.<\/li>\n<li><strong>Material:<\/strong> 80% Cuarzo, 15% Acr\u00edlico, 5% Otros.<\/li>\n<li><strong>Cubetas:<\/strong> 2C (dos cubetas).<\/li>\n<li><strong>Medidas de Cubeta:<\/strong> 2 de 38 x 38.7 cm.<\/li>\n<li><strong>Color:<\/strong> Gris (Stone).<\/li>\n<li><strong>Tipo de Colocaci\u00f3n:<\/strong> Empotre y\/o Submontar.<\/li>\n<li><strong>Medidas:<\/strong> 86 x 50 x 20 cm (Largo x Ancho x Profundo).<\/li>\n<li><strong>Preparaci\u00f3n:<\/strong> Para hasta 4 taladros personalizados (Por perforar).<\/li>\n<li><strong>Producto Certificado:<\/strong> ISO 14001.<\/li>\n<\/ul>\n","protected":false},"excerpt":{"rendered":"<p>La Tarja de Submontar Schock Horizont N-200 Stone es un fregadero de cuarzo dise\u00f1ado para brindar funcionalidad y estilo a la cocina. A continuaci\u00f3n, se detallan sus caracter\u00edsticas y especificaciones: Descripci\u00f3n del Producto: Tipo de Tarja: Fregadero de cuarzo con 2 cubetas. Modelo: HORIZONT N-200 STONE. Material: 80% Cuarzo, 15% Acr\u00edlico, 5% Otros. Cubetas: 2C [&hellip;]<\/p>\n","protected":false},"featured_media":5239,"template":"","meta":{"_joinchat":[]},"product_brand":[],"product_cat":[161,47,201,42],"product_tag":[128],"class_list":{"0":"post-4299","1":"product","2":"type-product","3":"status-publish","4":"has-post-thumbnail","6":"product_cat-best-selling-products","7":"product_cat-tarjas","8":"product_cat-tarjas-de-submontar","9":"product_cat-varios","10":"product_tag-schock","12":"first","13":"outofstock","14":"shipping-taxable","15":"purchasable","16":"product-type-simple"},"_links":{"self":[{"href":"https:\/\/eltiosam.com.mx\/index.php\/wp-json\/wp\/v2\/product\/4299","targetHints":{"allow":["GET"]}}],"collection":[{"href":"https:\/\/eltiosam.com.mx\/index.php\/wp-json\/wp\/v2\/product"}],"about":[{"href":"https:\/\/eltiosam.com.mx\/index.php\/wp-json\/wp\/v2\/types\/product"}],"wp:featuredmedia":[{"embeddable":true,"href":"https:\/\/eltiosam.com.mx\/index.php\/wp-json\/wp\/v2\/media\/5239"}],"wp:attachment":[{"href":"https:\/\/eltiosam.com.mx\/index.php\/wp-json\/wp\/v2\/media?parent=4299"}],"wp:term":[{"taxonomy":"product_brand","embeddable":true,"href":"https:\/\/eltiosam.com.mx\/index.php\/wp-json\/wp\/v2\/product_brand?post=4299"},{"taxonomy":"product_cat","embeddable":true,"href":"https:\/\/eltiosam.com.mx\/index.php\/wp-json\/wp\/v2\/product_cat?post=4299"},{"taxonomy":"product_tag","embeddable":true,"href":"https:\/\/eltiosam.com.mx\/index.php\/wp-json\/wp\/v2\/product_tag?post=4299"}],"curies":[{"name":"wp","href":"https:\/\/api.w.org\/{rel}","templated":true}]}}