{"id":4273,"date":"2023-11-15T21:56:43","date_gmt":"2023-11-15T21:56:43","guid":{"rendered":"http:\/\/eltiosam.com.mx\/index.php\/product\/tarja-de-submontar-eclipse-11850\/"},"modified":"2024-05-23T18:06:21","modified_gmt":"2024-05-23T18:06:21","slug":"tarja-de-submontar-eclipse-11850","status":"publish","type":"product","link":"https:\/\/eltiosam.com.mx\/index.php\/product\/tarja-de-submontar-eclipse-11850\/","title":{"rendered":"TARJA DE SUBMONTAR ECLIPSE EZRD 11850"},"content":{"rendered":"<h3>Descripci\u00f3n<\/h3>\n<p>Esta tarja de submontar de Eclipse, con su dise\u00f1o de dos tinas, es ideal para cocinas con alta demanda de uso y funcionalidad. Ofrece una construcci\u00f3n robusta en acero inoxidable serie 304 y un acabado cepillado que aporta elegancia y facilidad de limpieza. La profundidad y tama\u00f1o de las tinas son adecuados para manejar una variedad de utensilios y tareas de cocina. Su dise\u00f1o integrado y la declinaci\u00f3n en el escurridor hacen que esta tarja sea una elecci\u00f3n pr\u00e1ctica y est\u00e9ticamente agradable para cualquier configuraci\u00f3n de cocina moderna\u200b\u200b\u200b\u200b\u200b\u200b\u200b\u200b\u200b\u200b.<\/p>\n","protected":false},"excerpt":{"rendered":"<p>Descripci\u00f3n Esta tarja de submontar de Eclipse, con su dise\u00f1o de dos tinas, es ideal para cocinas con alta demanda de uso y funcionalidad. Ofrece una construcci\u00f3n robusta en acero inoxidable serie 304 y un acabado cepillado que aporta elegancia y facilidad de limpieza. La profundidad y tama\u00f1o de las tinas son adecuados para manejar [&hellip;]<\/p>\n","protected":false},"featured_media":5219,"template":"","meta":{"_joinchat":[]},"product_brand":[],"product_cat":[161,47,201,42],"product_tag":[48],"class_list":{"0":"post-4273","1":"product","2":"type-product","3":"status-publish","4":"has-post-thumbnail","6":"product_cat-best-selling-products","7":"product_cat-tarjas","8":"product_cat-tarjas-de-submontar","9":"product_cat-varios","10":"product_tag-eclipse","12":"first","13":"outofstock","14":"shipping-taxable","15":"purchasable","16":"product-type-simple"},"_links":{"self":[{"href":"https:\/\/eltiosam.com.mx\/index.php\/wp-json\/wp\/v2\/product\/4273","targetHints":{"allow":["GET"]}}],"collection":[{"href":"https:\/\/eltiosam.com.mx\/index.php\/wp-json\/wp\/v2\/product"}],"about":[{"href":"https:\/\/eltiosam.com.mx\/index.php\/wp-json\/wp\/v2\/types\/product"}],"wp:featuredmedia":[{"embeddable":true,"href":"https:\/\/eltiosam.com.mx\/index.php\/wp-json\/wp\/v2\/media\/5219"}],"wp:attachment":[{"href":"https:\/\/eltiosam.com.mx\/index.php\/wp-json\/wp\/v2\/media?parent=4273"}],"wp:term":[{"taxonomy":"product_brand","embeddable":true,"href":"https:\/\/eltiosam.com.mx\/index.php\/wp-json\/wp\/v2\/product_brand?post=4273"},{"taxonomy":"product_cat","embeddable":true,"href":"https:\/\/eltiosam.com.mx\/index.php\/wp-json\/wp\/v2\/product_cat?post=4273"},{"taxonomy":"product_tag","embeddable":true,"href":"https:\/\/eltiosam.com.mx\/index.php\/wp-json\/wp\/v2\/product_tag?post=4273"}],"curies":[{"name":"wp","href":"https:\/\/api.w.org\/{rel}","templated":true}]}}