{"id":4208,"date":"2023-11-15T21:56:20","date_gmt":"2023-11-15T21:56:20","guid":{"rendered":"http:\/\/eltiosam.com.mx\/index.php\/product\/secadora-mabe-22kg-smg47n5msbab\/"},"modified":"2024-02-26T16:21:52","modified_gmt":"2024-02-26T16:21:52","slug":"secadora-mabe-22kg-smg47n5msbab","status":"publish","type":"product","link":"https:\/\/eltiosam.com.mx\/index.php\/product\/secadora-mabe-22kg-smg47n5msbab\/","title":{"rendered":"SECADORA MABE 22KG SMG47N5MSBAB"},"content":{"rendered":"<p>Descripci\u00f3n:<br \/>\nLa secadora Mabe 22KG SMG47N5MSBAB cuenta con caracter\u00edsticas dise\u00f1adas para proporcionar un secado eficiente y pr\u00e1ctico. La secadora Mabe 22KG SMG47N5MSBAB ofrece una capacidad generosa para el secado de la ropa, con caracter\u00edsticas como el tambor con recubrimiento alcosta para cuidar la ropa y la puerta reversible para una mayor practicidad en la instalaci\u00f3n. La presencia de luz en el tambor proporciona visibilidad durante el proceso de carga y descarga de la ropa.<\/p>\n","protected":false},"excerpt":{"rendered":"<p>Descripci\u00f3n: La secadora Mabe 22KG SMG47N5MSBAB cuenta con caracter\u00edsticas dise\u00f1adas para proporcionar un secado eficiente y pr\u00e1ctico. La secadora Mabe 22KG SMG47N5MSBAB ofrece una capacidad generosa para el secado de la ropa, con caracter\u00edsticas como el tambor con recubrimiento alcosta para cuidar la ropa y la puerta reversible para una mayor practicidad en la instalaci\u00f3n. [&hellip;]<\/p>\n","protected":false},"featured_media":8705,"template":"","meta":{"_joinchat":[]},"product_brand":[],"product_cat":[161,32,198],"product_tag":[21],"class_list":{"0":"post-4208","1":"product","2":"type-product","3":"status-publish","4":"has-post-thumbnail","6":"product_cat-best-selling-products","7":"product_cat-lavanderia","8":"product_cat-secadoras","9":"product_tag-mabe","11":"first","12":"outofstock","13":"shipping-taxable","14":"purchasable","15":"product-type-simple"},"_links":{"self":[{"href":"https:\/\/eltiosam.com.mx\/index.php\/wp-json\/wp\/v2\/product\/4208","targetHints":{"allow":["GET"]}}],"collection":[{"href":"https:\/\/eltiosam.com.mx\/index.php\/wp-json\/wp\/v2\/product"}],"about":[{"href":"https:\/\/eltiosam.com.mx\/index.php\/wp-json\/wp\/v2\/types\/product"}],"wp:featuredmedia":[{"embeddable":true,"href":"https:\/\/eltiosam.com.mx\/index.php\/wp-json\/wp\/v2\/media\/8705"}],"wp:attachment":[{"href":"https:\/\/eltiosam.com.mx\/index.php\/wp-json\/wp\/v2\/media?parent=4208"}],"wp:term":[{"taxonomy":"product_brand","embeddable":true,"href":"https:\/\/eltiosam.com.mx\/index.php\/wp-json\/wp\/v2\/product_brand?post=4208"},{"taxonomy":"product_cat","embeddable":true,"href":"https:\/\/eltiosam.com.mx\/index.php\/wp-json\/wp\/v2\/product_cat?post=4208"},{"taxonomy":"product_tag","embeddable":true,"href":"https:\/\/eltiosam.com.mx\/index.php\/wp-json\/wp\/v2\/product_tag?post=4208"}],"curies":[{"name":"wp","href":"https:\/\/api.w.org\/{rel}","templated":true}]}}