{"id":4204,"date":"2023-11-15T21:56:13","date_gmt":"2023-11-15T21:56:13","guid":{"rendered":"http:\/\/eltiosam.com.mx\/index.php\/product\/secadora-lg-20kg-df20wv2w\/"},"modified":"2024-02-26T05:33:22","modified_gmt":"2024-02-26T05:33:22","slug":"secadora-lg-20kg-df20wv2w","status":"publish","type":"product","link":"https:\/\/eltiosam.com.mx\/index.php\/product\/secadora-lg-20kg-df20wv2w\/","title":{"rendered":"SECADORA LG 20KG DF20WV2W"},"content":{"rendered":"<p><strong>Descripci\u00f3n:<\/strong><\/p>\n<p>La secadora LG DF20WV2+WDP4W ofrece una capacidad generosa, m\u00faltiples programas de secado, tecnolog\u00eda de detecci\u00f3n de humedad y otras funciones que hacen que el proceso de secado de la ropa sea m\u00e1s eficiente y conveniente. Adem\u00e1s, cuenta con una garant\u00eda extendida de 10 a\u00f1os, lo que puede brindar tranquilidad al usuario en cuanto a la durabilidad del producto.<\/p>\n","protected":false},"excerpt":{"rendered":"<p>Descripci\u00f3n: La secadora LG DF20WV2+WDP4W ofrece una capacidad generosa, m\u00faltiples programas de secado, tecnolog\u00eda de detecci\u00f3n de humedad y otras funciones que hacen que el proceso de secado de la ropa sea m\u00e1s eficiente y conveniente. Adem\u00e1s, cuenta con una garant\u00eda extendida de 10 a\u00f1os, lo que puede brindar tranquilidad al usuario en cuanto a [&hellip;]<\/p>\n","protected":false},"featured_media":5192,"template":"","meta":{"_joinchat":[]},"product_brand":[],"product_cat":[161,32,198],"product_tag":[208],"class_list":{"0":"post-4204","1":"product","2":"type-product","3":"status-publish","4":"has-post-thumbnail","6":"product_cat-best-selling-products","7":"product_cat-lavanderia","8":"product_cat-secadoras","9":"product_tag-lg","11":"first","12":"outofstock","13":"shipping-taxable","14":"purchasable","15":"product-type-simple"},"_links":{"self":[{"href":"https:\/\/eltiosam.com.mx\/index.php\/wp-json\/wp\/v2\/product\/4204","targetHints":{"allow":["GET"]}}],"collection":[{"href":"https:\/\/eltiosam.com.mx\/index.php\/wp-json\/wp\/v2\/product"}],"about":[{"href":"https:\/\/eltiosam.com.mx\/index.php\/wp-json\/wp\/v2\/types\/product"}],"wp:featuredmedia":[{"embeddable":true,"href":"https:\/\/eltiosam.com.mx\/index.php\/wp-json\/wp\/v2\/media\/5192"}],"wp:attachment":[{"href":"https:\/\/eltiosam.com.mx\/index.php\/wp-json\/wp\/v2\/media?parent=4204"}],"wp:term":[{"taxonomy":"product_brand","embeddable":true,"href":"https:\/\/eltiosam.com.mx\/index.php\/wp-json\/wp\/v2\/product_brand?post=4204"},{"taxonomy":"product_cat","embeddable":true,"href":"https:\/\/eltiosam.com.mx\/index.php\/wp-json\/wp\/v2\/product_cat?post=4204"},{"taxonomy":"product_tag","embeddable":true,"href":"https:\/\/eltiosam.com.mx\/index.php\/wp-json\/wp\/v2\/product_tag?post=4204"}],"curies":[{"name":"wp","href":"https:\/\/api.w.org\/{rel}","templated":true}]}}