{"id":4095,"date":"2023-11-15T21:55:23","date_gmt":"2023-11-15T21:55:23","guid":{"rendered":"http:\/\/eltiosam.com.mx\/index.php\/product\/refrigerador-mabe-2p3-rmf0260xmxx\/"},"modified":"2024-02-26T01:29:50","modified_gmt":"2024-02-26T01:29:50","slug":"refrigerador-mabe-2p3-rmf0260xmxx","status":"publish","type":"product","link":"https:\/\/eltiosam.com.mx\/index.php\/product\/refrigerador-mabe-2p3-rmf0260xmxx\/","title":{"rendered":"REFRIGERADOR MABE 2p3 RMF0260XMXX"},"content":{"rendered":"<p><b>Descripci\u00f3n:<\/b><\/p>\n<p>Estas especificaciones hacen que este refrigerador sea una opci\u00f3n conveniente para espacios peque\u00f1os donde se busca eficiencia y practicidad. Si tienes alguna pregunta adicional o necesitas m\u00e1s detalles, no dudes en preguntar.<\/p>\n","protected":false},"excerpt":{"rendered":"<p>Descripci\u00f3n: Estas especificaciones hacen que este refrigerador sea una opci\u00f3n conveniente para espacios peque\u00f1os donde se busca eficiencia y practicidad. Si tienes alguna pregunta adicional o necesitas m\u00e1s detalles, no dudes en preguntar.<\/p>\n","protected":false},"featured_media":5112,"template":"","meta":{"_joinchat":[]},"product_brand":[],"product_cat":[161,173,20,41],"product_tag":[21],"class_list":{"0":"post-4095","1":"product","2":"type-product","3":"status-publish","4":"has-post-thumbnail","6":"product_cat-best-selling-products","7":"product_cat-frigobares","8":"product_cat-refrigeracion","9":"product_cat-refrigeradores","10":"product_tag-mabe","12":"first","13":"outofstock","14":"shipping-taxable","15":"purchasable","16":"product-type-simple"},"_links":{"self":[{"href":"https:\/\/eltiosam.com.mx\/index.php\/wp-json\/wp\/v2\/product\/4095","targetHints":{"allow":["GET"]}}],"collection":[{"href":"https:\/\/eltiosam.com.mx\/index.php\/wp-json\/wp\/v2\/product"}],"about":[{"href":"https:\/\/eltiosam.com.mx\/index.php\/wp-json\/wp\/v2\/types\/product"}],"wp:featuredmedia":[{"embeddable":true,"href":"https:\/\/eltiosam.com.mx\/index.php\/wp-json\/wp\/v2\/media\/5112"}],"wp:attachment":[{"href":"https:\/\/eltiosam.com.mx\/index.php\/wp-json\/wp\/v2\/media?parent=4095"}],"wp:term":[{"taxonomy":"product_brand","embeddable":true,"href":"https:\/\/eltiosam.com.mx\/index.php\/wp-json\/wp\/v2\/product_brand?post=4095"},{"taxonomy":"product_cat","embeddable":true,"href":"https:\/\/eltiosam.com.mx\/index.php\/wp-json\/wp\/v2\/product_cat?post=4095"},{"taxonomy":"product_tag","embeddable":true,"href":"https:\/\/eltiosam.com.mx\/index.php\/wp-json\/wp\/v2\/product_tag?post=4095"}],"curies":[{"name":"wp","href":"https:\/\/api.w.org\/{rel}","templated":true}]}}