{"id":3873,"date":"2023-11-15T21:54:17","date_gmt":"2023-11-15T21:54:17","guid":{"rendered":"http:\/\/eltiosam.com.mx\/index.php\/product\/refrigerador-ge-cafe-csb48wp2ns1\/"},"modified":"2024-06-07T19:33:26","modified_gmt":"2024-06-07T19:33:26","slug":"refrigerador-ge-cafe-csb48wp2ns1","status":"publish","type":"product","link":"https:\/\/eltiosam.com.mx\/index.php\/product\/refrigerador-ge-cafe-csb48wp2ns1\/","title":{"rendered":"REFRIGERADOR GE CAF\u00c9 CSB48WP2NS1"},"content":{"rendered":"<p><strong>Descripci\u00f3n:<\/strong><\/p>\n<p>El refrigerador GE Caf\u00e9 CSB48WP2NS1 es un electrodom\u00e9stico de alto rendimiento con varias caracter\u00edsticas avanzadas para mejorar la organizaci\u00f3n y preservaci\u00f3n de tus alimentos.Este refrigerador proporciona una combinaci\u00f3n de estilo, funcionalidad y conectividad para satisfacer tus necesidades de almacenamiento de alimentos de manera efectiva.<\/p>\n","protected":false},"excerpt":{"rendered":"<p>Descripci\u00f3n: El refrigerador GE Caf\u00e9 CSB48WP2NS1 es un electrodom\u00e9stico de alto rendimiento con varias caracter\u00edsticas avanzadas para mejorar la organizaci\u00f3n y preservaci\u00f3n de tus alimentos.Este refrigerador proporciona una combinaci\u00f3n de estilo, funcionalidad y conectividad para satisfacer tus necesidades de almacenamiento de alimentos de manera efectiva.<\/p>\n","protected":false},"featured_media":5011,"template":"","meta":{"_joinchat":[]},"product_brand":[],"product_cat":[161,20,195,41],"product_tag":[227],"class_list":{"0":"post-3873","1":"product","2":"type-product","3":"status-publish","4":"has-post-thumbnail","6":"product_cat-best-selling-products","7":"product_cat-refrigeracion","8":"product_cat-refrigerador-duplex","9":"product_cat-refrigeradores","10":"product_tag-ge-cafe","12":"first","13":"outofstock","14":"shipping-taxable","15":"purchasable","16":"product-type-simple"},"_links":{"self":[{"href":"https:\/\/eltiosam.com.mx\/index.php\/wp-json\/wp\/v2\/product\/3873","targetHints":{"allow":["GET"]}}],"collection":[{"href":"https:\/\/eltiosam.com.mx\/index.php\/wp-json\/wp\/v2\/product"}],"about":[{"href":"https:\/\/eltiosam.com.mx\/index.php\/wp-json\/wp\/v2\/types\/product"}],"wp:featuredmedia":[{"embeddable":true,"href":"https:\/\/eltiosam.com.mx\/index.php\/wp-json\/wp\/v2\/media\/5011"}],"wp:attachment":[{"href":"https:\/\/eltiosam.com.mx\/index.php\/wp-json\/wp\/v2\/media?parent=3873"}],"wp:term":[{"taxonomy":"product_brand","embeddable":true,"href":"https:\/\/eltiosam.com.mx\/index.php\/wp-json\/wp\/v2\/product_brand?post=3873"},{"taxonomy":"product_cat","embeddable":true,"href":"https:\/\/eltiosam.com.mx\/index.php\/wp-json\/wp\/v2\/product_cat?post=3873"},{"taxonomy":"product_tag","embeddable":true,"href":"https:\/\/eltiosam.com.mx\/index.php\/wp-json\/wp\/v2\/product_tag?post=3873"}],"curies":[{"name":"wp","href":"https:\/\/api.w.org\/{rel}","templated":true}]}}