{"id":3751,"date":"2023-11-15T21:53:39","date_gmt":"2023-11-15T21:53:39","guid":{"rendered":"http:\/\/eltiosam.com.mx\/index.php\/product\/parrilla-lg916-ac\/"},"modified":"2024-02-23T19:56:13","modified_gmt":"2024-02-23T19:56:13","slug":"parrilla-lg916-ac","status":"publish","type":"product","link":"https:\/\/eltiosam.com.mx\/index.php\/product\/parrilla-lg916-ac\/","title":{"rendered":"Parrilla Tecnolam LG916.AC"},"content":{"rendered":"<p><strong>Descripci\u00f3n:<\/strong><\/p>\n<p>La <strong>Parrilla Tecnolam LG916.AC<\/strong> es una parrilla de gas dise\u00f1ada para cocinas modernas, ofreciendo una combinaci\u00f3n de estilo y funcionalidad.<\/p>\n<p>Esta parrilla es ideal para aquellos que buscan un electrodom\u00e9stico de alta calidad y rendimiento, ofreciendo una experiencia de cocci\u00f3n vers\u00e1til y eficiente en un dise\u00f1o contempor\u00e1neo y duradero\u200b\u200b\u200b\u200b\u200b\u200b\u200b\u200b\u200b\u200b\u200b\u200b\u200b\u200b\u200b\u200b\u200b\u200b\u200b\u200b\u200b\u200b.<\/p>\n","protected":false},"excerpt":{"rendered":"<p>Descripci\u00f3n: La Parrilla Tecnolam LG916.AC es una parrilla de gas dise\u00f1ada para cocinas modernas, ofreciendo una combinaci\u00f3n de estilo y funcionalidad. Esta parrilla es ideal para aquellos que buscan un electrodom\u00e9stico de alta calidad y rendimiento, ofreciendo una experiencia de cocci\u00f3n vers\u00e1til y eficiente en un dise\u00f1o contempor\u00e1neo y duradero\u200b\u200b\u200b\u200b\u200b\u200b\u200b\u200b\u200b\u200b\u200b\u200b\u200b\u200b\u200b\u200b\u200b\u200b\u200b\u200b\u200b\u200b.<\/p>\n","protected":false},"featured_media":4961,"template":"","meta":{"_joinchat":[]},"product_brand":[],"product_cat":[29,189],"product_tag":[30],"class_list":{"0":"post-3751","1":"product","2":"type-product","3":"status-publish","4":"has-post-thumbnail","6":"product_cat-coccion","7":"product_cat-parrillas","8":"product_tag-tecnolam","10":"first","11":"outofstock","12":"shipping-taxable","13":"purchasable","14":"product-type-simple"},"_links":{"self":[{"href":"https:\/\/eltiosam.com.mx\/index.php\/wp-json\/wp\/v2\/product\/3751","targetHints":{"allow":["GET"]}}],"collection":[{"href":"https:\/\/eltiosam.com.mx\/index.php\/wp-json\/wp\/v2\/product"}],"about":[{"href":"https:\/\/eltiosam.com.mx\/index.php\/wp-json\/wp\/v2\/types\/product"}],"wp:featuredmedia":[{"embeddable":true,"href":"https:\/\/eltiosam.com.mx\/index.php\/wp-json\/wp\/v2\/media\/4961"}],"wp:attachment":[{"href":"https:\/\/eltiosam.com.mx\/index.php\/wp-json\/wp\/v2\/media?parent=3751"}],"wp:term":[{"taxonomy":"product_brand","embeddable":true,"href":"https:\/\/eltiosam.com.mx\/index.php\/wp-json\/wp\/v2\/product_brand?post=3751"},{"taxonomy":"product_cat","embeddable":true,"href":"https:\/\/eltiosam.com.mx\/index.php\/wp-json\/wp\/v2\/product_cat?post=3751"},{"taxonomy":"product_tag","embeddable":true,"href":"https:\/\/eltiosam.com.mx\/index.php\/wp-json\/wp\/v2\/product_tag?post=3751"}],"curies":[{"name":"wp","href":"https:\/\/api.w.org\/{rel}","templated":true}]}}