{"id":3669,"date":"2023-11-15T21:53:16","date_gmt":"2023-11-15T21:53:16","guid":{"rendered":"http:\/\/eltiosam.com.mx\/index.php\/product\/parrilla-io-mabe-30cm-io311dgi\/"},"modified":"2024-02-23T01:34:57","modified_gmt":"2024-02-23T01:34:57","slug":"parrilla-io-mabe-30cm-io311dgi","status":"publish","type":"product","link":"https:\/\/eltiosam.com.mx\/index.php\/product\/parrilla-io-mabe-30cm-io311dgi\/","title":{"rendered":"PARRILLA IO MABE 30CM IO311DGI"},"content":{"rendered":"<p><b>Descripci\u00f3n:<\/b><\/p>\n<ul>\n<li>La parrilla IO Mabe ofrece un dise\u00f1o en acero inoxidable que proporciona durabilidad y estilo.<\/li>\n<li>El control mediante perillas facilita el manejo de la temperatura de los quemadores.<\/li>\n<li>El encendido el\u00e9ctrico integrado brinda comodidad y seguridad en el encendido.<\/li>\n<li>Las parrillas de fundici\u00f3n garantizan estabilidad al cocinar y son f\u00e1ciles de limpiar.<\/li>\n<li>La opci\u00f3n de conversi\u00f3n a gas natural aumenta la versatilidad de la parrilla.<\/li>\n<li>Ideal para cocinas con espacio limitado debido a sus dimensiones compactas de 30 cm.<\/li>\n<li>No cuenta con funciones como temporizador, indicador de calor residual o bloqueo de seguridad.<\/li>\n<li>Perfecta para aquellos que buscan una parrilla sencilla y eficiente.<\/li>\n<\/ul>\n","protected":false},"excerpt":{"rendered":"<p>Descripci\u00f3n: La parrilla IO Mabe ofrece un dise\u00f1o en acero inoxidable que proporciona durabilidad y estilo. El control mediante perillas facilita el manejo de la temperatura de los quemadores. El encendido el\u00e9ctrico integrado brinda comodidad y seguridad en el encendido. Las parrillas de fundici\u00f3n garantizan estabilidad al cocinar y son f\u00e1ciles de limpiar. La opci\u00f3n [&hellip;]<\/p>\n","protected":false},"featured_media":4929,"template":"","meta":{"_joinchat":[]},"product_brand":[],"product_cat":[161,29,189,190],"product_tag":[21],"class_list":{"0":"post-3669","1":"product","2":"type-product","3":"status-publish","4":"has-post-thumbnail","6":"product_cat-best-selling-products","7":"product_cat-coccion","8":"product_cat-parrillas","9":"product_cat-parrillas-de-gas","10":"product_tag-mabe","12":"first","13":"outofstock","14":"shipping-taxable","15":"purchasable","16":"product-type-simple"},"_links":{"self":[{"href":"https:\/\/eltiosam.com.mx\/index.php\/wp-json\/wp\/v2\/product\/3669","targetHints":{"allow":["GET"]}}],"collection":[{"href":"https:\/\/eltiosam.com.mx\/index.php\/wp-json\/wp\/v2\/product"}],"about":[{"href":"https:\/\/eltiosam.com.mx\/index.php\/wp-json\/wp\/v2\/types\/product"}],"wp:featuredmedia":[{"embeddable":true,"href":"https:\/\/eltiosam.com.mx\/index.php\/wp-json\/wp\/v2\/media\/4929"}],"wp:attachment":[{"href":"https:\/\/eltiosam.com.mx\/index.php\/wp-json\/wp\/v2\/media?parent=3669"}],"wp:term":[{"taxonomy":"product_brand","embeddable":true,"href":"https:\/\/eltiosam.com.mx\/index.php\/wp-json\/wp\/v2\/product_brand?post=3669"},{"taxonomy":"product_cat","embeddable":true,"href":"https:\/\/eltiosam.com.mx\/index.php\/wp-json\/wp\/v2\/product_cat?post=3669"},{"taxonomy":"product_tag","embeddable":true,"href":"https:\/\/eltiosam.com.mx\/index.php\/wp-json\/wp\/v2\/product_tag?post=3669"}],"curies":[{"name":"wp","href":"https:\/\/api.w.org\/{rel}","templated":true}]}}