{"id":2834,"date":"2023-11-15T21:51:17","date_gmt":"2023-11-15T21:51:17","guid":{"rendered":"http:\/\/eltiosam.com.mx\/index.php\/product\/microondas-ge-profile-1-1p3-peb110sfss\/"},"modified":"2024-02-20T21:32:37","modified_gmt":"2024-02-20T21:32:37","slug":"microondas-ge-profile-1-1p3-peb110sfss","status":"publish","type":"product","link":"https:\/\/eltiosam.com.mx\/index.php\/product\/microondas-ge-profile-1-1p3-peb110sfss\/","title":{"rendered":"MICROONDAS GE PROFILE 1.1p3 PEB110SFSS"},"content":{"rendered":"<p><strong>Dimensiones:<\/strong><\/p>\n<p>Este Microondas GE Profile PEB110SFSS cuenta con m\u00faltiples funciones para facilitar la preparaci\u00f3n de alimentos, desde descongelar hasta gratinar. Su luz LED interior te permite visualizar tus platillos mientras se cocinan. Con 6 men\u00fas de auto cocci\u00f3n y la funci\u00f3n grill, este microondas ofrece versatilidad en la cocina. Adem\u00e1s, caracter\u00edsticas como el bloqueo de seguridad, inicio programable y memoria hacen que su uso sea conveniente y seguro. Su dise\u00f1o compacto y elegante lo convierte en una adici\u00f3n pr\u00e1ctica a tu cocina.<\/p>\n","protected":false},"excerpt":{"rendered":"<p>Dimensiones: Este Microondas GE Profile PEB110SFSS cuenta con m\u00faltiples funciones para facilitar la preparaci\u00f3n de alimentos, desde descongelar hasta gratinar. Su luz LED interior te permite visualizar tus platillos mientras se cocinan. Con 6 men\u00fas de auto cocci\u00f3n y la funci\u00f3n grill, este microondas ofrece versatilidad en la cocina. Adem\u00e1s, caracter\u00edsticas como el bloqueo de [&hellip;]<\/p>\n","protected":false},"featured_media":4744,"template":"","meta":{"_joinchat":[]},"product_brand":[],"product_cat":[161,29,184],"product_tag":[117],"class_list":{"0":"post-2834","1":"product","2":"type-product","3":"status-publish","4":"has-post-thumbnail","6":"product_cat-best-selling-products","7":"product_cat-coccion","8":"product_cat-microondas","9":"product_tag-ge-profile","11":"first","12":"outofstock","13":"shipping-taxable","14":"purchasable","15":"product-type-simple"},"_links":{"self":[{"href":"https:\/\/eltiosam.com.mx\/index.php\/wp-json\/wp\/v2\/product\/2834","targetHints":{"allow":["GET"]}}],"collection":[{"href":"https:\/\/eltiosam.com.mx\/index.php\/wp-json\/wp\/v2\/product"}],"about":[{"href":"https:\/\/eltiosam.com.mx\/index.php\/wp-json\/wp\/v2\/types\/product"}],"wp:featuredmedia":[{"embeddable":true,"href":"https:\/\/eltiosam.com.mx\/index.php\/wp-json\/wp\/v2\/media\/4744"}],"wp:attachment":[{"href":"https:\/\/eltiosam.com.mx\/index.php\/wp-json\/wp\/v2\/media?parent=2834"}],"wp:term":[{"taxonomy":"product_brand","embeddable":true,"href":"https:\/\/eltiosam.com.mx\/index.php\/wp-json\/wp\/v2\/product_brand?post=2834"},{"taxonomy":"product_cat","embeddable":true,"href":"https:\/\/eltiosam.com.mx\/index.php\/wp-json\/wp\/v2\/product_cat?post=2834"},{"taxonomy":"product_tag","embeddable":true,"href":"https:\/\/eltiosam.com.mx\/index.php\/wp-json\/wp\/v2\/product_tag?post=2834"}],"curies":[{"name":"wp","href":"https:\/\/api.w.org\/{rel}","templated":true}]}}