{"id":2803,"date":"2023-11-15T21:51:12","date_gmt":"2023-11-15T21:51:12","guid":{"rendered":"http:\/\/eltiosam.com.mx\/index.php\/product\/microondas-ge-0-7p3-mge07sej\/"},"modified":"2024-02-20T21:20:00","modified_gmt":"2024-02-20T21:20:00","slug":"microondas-ge-0-7p3-mge07sej","status":"publish","type":"product","link":"https:\/\/eltiosam.com.mx\/index.php\/product\/microondas-ge-0-7p3-mge07sej\/","title":{"rendered":"MICROONDAS GE 0.7p3 MGE07SEJ"},"content":{"rendered":"<p><strong>Descripci\u00f3n.-<\/strong><\/p>\n<p>Este Microondas GE MGE07SEJ ofrece una funci\u00f3n ECO para el ahorro de energ\u00eda, brindando eficiencia y sostenibilidad. Con un dise\u00f1o moderno y control digital LCD, proporciona facilidad de uso y est\u00e9tica en tu cocina. Sus dimensiones compactas y capacidad de 0.7 Cuft lo hacen ideal para espacios reducidos. Ofrece selecciones r\u00e1pidas, descongelamiento por peso y tiempo, as\u00ed como un temporizador de cocinado para mayor versatilidad. Con 10 niveles de potencia, garantiza opciones personalizadas para cada necesidad. Adem\u00e1s, su peso ligero facilita su manipulaci\u00f3n. Con una garant\u00eda de 1 a\u00f1o, este microondas GE es una opci\u00f3n pr\u00e1ctica y eficiente para el hogar.<\/p>\n","protected":false},"excerpt":{"rendered":"<p>Descripci\u00f3n.- Este Microondas GE MGE07SEJ ofrece una funci\u00f3n ECO para el ahorro de energ\u00eda, brindando eficiencia y sostenibilidad. Con un dise\u00f1o moderno y control digital LCD, proporciona facilidad de uso y est\u00e9tica en tu cocina. Sus dimensiones compactas y capacidad de 0.7 Cuft lo hacen ideal para espacios reducidos. Ofrece selecciones r\u00e1pidas, descongelamiento por peso [&hellip;]<\/p>\n","protected":false},"featured_media":4739,"template":"","meta":{"_joinchat":[]},"product_brand":[],"product_cat":[161,29,184],"product_tag":[57],"class_list":{"0":"post-2803","1":"product","2":"type-product","3":"status-publish","4":"has-post-thumbnail","6":"product_cat-best-selling-products","7":"product_cat-coccion","8":"product_cat-microondas","9":"product_tag-ge","11":"first","12":"outofstock","13":"shipping-taxable","14":"purchasable","15":"product-type-simple"},"_links":{"self":[{"href":"https:\/\/eltiosam.com.mx\/index.php\/wp-json\/wp\/v2\/product\/2803","targetHints":{"allow":["GET"]}}],"collection":[{"href":"https:\/\/eltiosam.com.mx\/index.php\/wp-json\/wp\/v2\/product"}],"about":[{"href":"https:\/\/eltiosam.com.mx\/index.php\/wp-json\/wp\/v2\/types\/product"}],"wp:featuredmedia":[{"embeddable":true,"href":"https:\/\/eltiosam.com.mx\/index.php\/wp-json\/wp\/v2\/media\/4739"}],"wp:attachment":[{"href":"https:\/\/eltiosam.com.mx\/index.php\/wp-json\/wp\/v2\/media?parent=2803"}],"wp:term":[{"taxonomy":"product_brand","embeddable":true,"href":"https:\/\/eltiosam.com.mx\/index.php\/wp-json\/wp\/v2\/product_brand?post=2803"},{"taxonomy":"product_cat","embeddable":true,"href":"https:\/\/eltiosam.com.mx\/index.php\/wp-json\/wp\/v2\/product_cat?post=2803"},{"taxonomy":"product_tag","embeddable":true,"href":"https:\/\/eltiosam.com.mx\/index.php\/wp-json\/wp\/v2\/product_tag?post=2803"}],"curies":[{"name":"wp","href":"https:\/\/api.w.org\/{rel}","templated":true}]}}