{"id":2637,"date":"2023-11-15T21:50:34","date_gmt":"2023-11-15T21:50:34","guid":{"rendered":"http:\/\/eltiosam.com.mx\/index.php\/product\/mezcladora-tec128ss\/"},"modified":"2024-02-20T05:16:03","modified_gmt":"2024-02-20T05:16:03","slug":"mezcladora-tec128ss","status":"publish","type":"product","link":"https:\/\/eltiosam.com.mx\/index.php\/product\/mezcladora-tec128ss\/","title":{"rendered":"Mezcladora Tecnolam TEC128SS"},"content":{"rendered":"<p><strong>Descripci\u00f3n:<\/strong><\/p>\n<ul>\n<li><strong>Tipo de Montaje y Uso<\/strong>: Se utiliza en la cocina. Aunque no se especifica expl\u00edcitamente, parece ser de tipo monomando, lo que sugiere una instalaci\u00f3n est\u00e1ndar.<\/li>\n<li><strong>Material y Acabado<\/strong>: Construida en acero inoxidable, con un acabado satinado.<\/li>\n<\/ul>\n<p>Esta mezcladora parece ser una opci\u00f3n robusta y funcional para cocinas modernas, ofreciendo un equilibrio entre est\u00e9tica y eficiencia en el uso del agua\u200b\u200b\u200b\u200b.<\/p>\n","protected":false},"excerpt":{"rendered":"<p>Descripci\u00f3n: Tipo de Montaje y Uso: Se utiliza en la cocina. Aunque no se especifica expl\u00edcitamente, parece ser de tipo monomando, lo que sugiere una instalaci\u00f3n est\u00e1ndar. Material y Acabado: Construida en acero inoxidable, con un acabado satinado. Esta mezcladora parece ser una opci\u00f3n robusta y funcional para cocinas modernas, ofreciendo un equilibrio entre est\u00e9tica [&hellip;]<\/p>\n","protected":false},"featured_media":4696,"template":"","meta":{"_joinchat":[]},"product_brand":[],"product_cat":[161,183,42],"product_tag":[30],"class_list":{"0":"post-2637","1":"product","2":"type-product","3":"status-publish","4":"has-post-thumbnail","6":"product_cat-best-selling-products","7":"product_cat-mezcladoras","8":"product_cat-varios","9":"product_tag-tecnolam","11":"first","12":"outofstock","13":"shipping-taxable","14":"purchasable","15":"product-type-simple"},"_links":{"self":[{"href":"https:\/\/eltiosam.com.mx\/index.php\/wp-json\/wp\/v2\/product\/2637","targetHints":{"allow":["GET"]}}],"collection":[{"href":"https:\/\/eltiosam.com.mx\/index.php\/wp-json\/wp\/v2\/product"}],"about":[{"href":"https:\/\/eltiosam.com.mx\/index.php\/wp-json\/wp\/v2\/types\/product"}],"wp:featuredmedia":[{"embeddable":true,"href":"https:\/\/eltiosam.com.mx\/index.php\/wp-json\/wp\/v2\/media\/4696"}],"wp:attachment":[{"href":"https:\/\/eltiosam.com.mx\/index.php\/wp-json\/wp\/v2\/media?parent=2637"}],"wp:term":[{"taxonomy":"product_brand","embeddable":true,"href":"https:\/\/eltiosam.com.mx\/index.php\/wp-json\/wp\/v2\/product_brand?post=2637"},{"taxonomy":"product_cat","embeddable":true,"href":"https:\/\/eltiosam.com.mx\/index.php\/wp-json\/wp\/v2\/product_cat?post=2637"},{"taxonomy":"product_tag","embeddable":true,"href":"https:\/\/eltiosam.com.mx\/index.php\/wp-json\/wp\/v2\/product_tag?post=2637"}],"curies":[{"name":"wp","href":"https:\/\/api.w.org\/{rel}","templated":true}]}}