{"id":2548,"date":"2023-11-15T21:50:14","date_gmt":"2023-11-15T21:50:14","guid":{"rendered":"http:\/\/eltiosam.com.mx\/index.php\/product\/mezcladora-eclipse-ek5b\/"},"modified":"2024-02-19T21:39:28","modified_gmt":"2024-02-19T21:39:28","slug":"mezcladora-eclipse-ek5b","status":"publish","type":"product","link":"https:\/\/eltiosam.com.mx\/index.php\/product\/mezcladora-eclipse-ek5b\/","title":{"rendered":"MEZCLADORA ECLIPSE EK5B"},"content":{"rendered":"<p><strong>Descripci\u00f3n:<\/strong><\/p>\n<ul>\n<li><strong>Material<\/strong>: 100% acero inoxidable<\/li>\n<li><strong>Funcionamiento<\/strong>: Adecuada para alta y baja presi\u00f3n, con una presi\u00f3n m\u00ednima requerida de 700 grs\/cm\u00b2<\/li>\n<li><strong>Cartucho<\/strong>: Cer\u00e1mico y acero inoxidable<\/li>\n<li><strong>Acabado<\/strong>: Cepillado<\/li>\n<li><strong>Sistema Dual<\/strong>: Indica posiblemente una funcionalidad dual, aunque no se especifica exactamente cu\u00e1l.<\/li>\n<\/ul>\n<p>La mezcladora no incluye un sistema de filtrado\u200b\u200b\u200b\u200b\u200b\u200b.<\/p>\n","protected":false},"excerpt":{"rendered":"<p>Descripci\u00f3n: Material: 100% acero inoxidable Funcionamiento: Adecuada para alta y baja presi\u00f3n, con una presi\u00f3n m\u00ednima requerida de 700 grs\/cm\u00b2 Cartucho: Cer\u00e1mico y acero inoxidable Acabado: Cepillado Sistema Dual: Indica posiblemente una funcionalidad dual, aunque no se especifica exactamente cu\u00e1l. La mezcladora no incluye un sistema de filtrado\u200b\u200b\u200b\u200b\u200b\u200b.<\/p>\n","protected":false},"featured_media":4675,"template":"","meta":{"_joinchat":[]},"product_brand":[],"product_cat":[161,183,42],"product_tag":[48],"class_list":{"0":"post-2548","1":"product","2":"type-product","3":"status-publish","4":"has-post-thumbnail","6":"product_cat-best-selling-products","7":"product_cat-mezcladoras","8":"product_cat-varios","9":"product_tag-eclipse","11":"first","12":"outofstock","13":"shipping-taxable","14":"purchasable","15":"product-type-simple"},"_links":{"self":[{"href":"https:\/\/eltiosam.com.mx\/index.php\/wp-json\/wp\/v2\/product\/2548","targetHints":{"allow":["GET"]}}],"collection":[{"href":"https:\/\/eltiosam.com.mx\/index.php\/wp-json\/wp\/v2\/product"}],"about":[{"href":"https:\/\/eltiosam.com.mx\/index.php\/wp-json\/wp\/v2\/types\/product"}],"wp:featuredmedia":[{"embeddable":true,"href":"https:\/\/eltiosam.com.mx\/index.php\/wp-json\/wp\/v2\/media\/4675"}],"wp:attachment":[{"href":"https:\/\/eltiosam.com.mx\/index.php\/wp-json\/wp\/v2\/media?parent=2548"}],"wp:term":[{"taxonomy":"product_brand","embeddable":true,"href":"https:\/\/eltiosam.com.mx\/index.php\/wp-json\/wp\/v2\/product_brand?post=2548"},{"taxonomy":"product_cat","embeddable":true,"href":"https:\/\/eltiosam.com.mx\/index.php\/wp-json\/wp\/v2\/product_cat?post=2548"},{"taxonomy":"product_tag","embeddable":true,"href":"https:\/\/eltiosam.com.mx\/index.php\/wp-json\/wp\/v2\/product_tag?post=2548"}],"curies":[{"name":"wp","href":"https:\/\/api.w.org\/{rel}","templated":true}]}}