{"id":2480,"date":"2023-11-15T21:49:52","date_gmt":"2023-11-15T21:49:52","guid":{"rendered":"http:\/\/eltiosam.com.mx\/index.php\/product\/maquina-de-hielos-scotsman-dce33pa-1ssd\/"},"modified":"2024-02-19T19:39:02","modified_gmt":"2024-02-19T19:39:02","slug":"maquina-de-hielos-scotsman-dce33pa-1ssd","status":"publish","type":"product","link":"https:\/\/eltiosam.com.mx\/index.php\/product\/maquina-de-hielos-scotsman-dce33pa-1ssd\/","title":{"rendered":"MAQUINA DE HIELOS SCOTSMAN DCE33PA-1SSD"},"content":{"rendered":"<div class=\"flex-1 overflow-hidden\">\n<div class=\"react-scroll-to-bottom--css-momat-79elbk h-full\">\n<div class=\"react-scroll-to-bottom--css-momat-1n7m0yu\">\n<div class=\"flex flex-col pb-9 text-sm\">\n<div class=\"w-full text-token-text-primary\" data-testid=\"conversation-turn-13\">\n<div class=\"px-4 py-2 justify-center text-base md:gap-6 m-auto\">\n<div class=\"flex flex-1 text-base mx-auto gap-3 md:px-5 lg:px-1 xl:px-5 md:max-w-3xl lg:max-w-[40rem] xl:max-w-[48rem] group final-completion\">\n<div class=\"relative flex w-full flex-col lg:w-[calc(100%-115px)] agent-turn\">\n<div class=\"flex-col gap-1 md:gap-3\">\n<div class=\"flex flex-grow flex-col max-w-full\">\n<div class=\"min-h-[20px] text-message flex flex-col items-start gap-3 whitespace-pre-wrap break-words [.text-message+&amp;]:mt-5 overflow-x-auto\" data-message-author-role=\"assistant\" data-message-id=\"f8306d48-f536-44e8-9cd5-7275b35192cd\">\n<div class=\"markdown prose w-full break-words dark:prose-invert light\">\n<p><strong>Descripci\u00f3n:<\/strong><\/p>\n<p>La m\u00e1quina de hielos Scotsman DCE33PA-1SSD es una opci\u00f3n ideal para quienes buscan hielo gourmet de alta calidad, con una producci\u00f3n eficiente y dise\u00f1o que se adapta a espacios debajo del mostrador\u200b\u200b\u200b\u200b\u200b\u200b\u200b\u200b.<\/p>\n<\/div>\n<\/div>\n<\/div>\n<\/div>\n<\/div>\n<\/div>\n<\/div>\n<\/div>\n<\/div>\n<\/div>\n<\/div>\n<\/div>\n","protected":false},"excerpt":{"rendered":"<p>Descripci\u00f3n: La m\u00e1quina de hielos Scotsman DCE33PA-1SSD es una opci\u00f3n ideal para quienes buscan hielo gourmet de alta calidad, con una producci\u00f3n eficiente y dise\u00f1o que se adapta a espacios debajo del mostrador\u200b\u200b\u200b\u200b\u200b\u200b\u200b\u200b.<\/p>\n","protected":false},"featured_media":4653,"template":"","meta":{"_joinchat":[]},"product_brand":[],"product_cat":[161,182],"product_tag":[64],"class_list":{"0":"post-2480","1":"product","2":"type-product","3":"status-publish","4":"has-post-thumbnail","6":"product_cat-best-selling-products","7":"product_cat-maquinas-de-hielos","8":"product_tag-scotsman","10":"first","11":"outofstock","12":"shipping-taxable","13":"purchasable","14":"product-type-simple"},"_links":{"self":[{"href":"https:\/\/eltiosam.com.mx\/index.php\/wp-json\/wp\/v2\/product\/2480","targetHints":{"allow":["GET"]}}],"collection":[{"href":"https:\/\/eltiosam.com.mx\/index.php\/wp-json\/wp\/v2\/product"}],"about":[{"href":"https:\/\/eltiosam.com.mx\/index.php\/wp-json\/wp\/v2\/types\/product"}],"wp:featuredmedia":[{"embeddable":true,"href":"https:\/\/eltiosam.com.mx\/index.php\/wp-json\/wp\/v2\/media\/4653"}],"wp:attachment":[{"href":"https:\/\/eltiosam.com.mx\/index.php\/wp-json\/wp\/v2\/media?parent=2480"}],"wp:term":[{"taxonomy":"product_brand","embeddable":true,"href":"https:\/\/eltiosam.com.mx\/index.php\/wp-json\/wp\/v2\/product_brand?post=2480"},{"taxonomy":"product_cat","embeddable":true,"href":"https:\/\/eltiosam.com.mx\/index.php\/wp-json\/wp\/v2\/product_cat?post=2480"},{"taxonomy":"product_tag","embeddable":true,"href":"https:\/\/eltiosam.com.mx\/index.php\/wp-json\/wp\/v2\/product_tag?post=2480"}],"curies":[{"name":"wp","href":"https:\/\/api.w.org\/{rel}","templated":true}]}}