{"id":2306,"date":"2023-11-15T21:48:53","date_gmt":"2023-11-15T21:48:53","guid":{"rendered":"http:\/\/eltiosam.com.mx\/index.php\/product\/lavadora-maytag-22kg-7mmhw6621hw\/"},"modified":"2024-02-14T17:41:21","modified_gmt":"2024-02-14T17:41:21","slug":"lavadora-maytag-22kg-7mmhw6621hw","status":"publish","type":"product","link":"https:\/\/eltiosam.com.mx\/index.php\/product\/lavadora-maytag-22kg-7mmhw6621hw\/","title":{"rendered":"LAVADORA MAYTAG 22KG 7MMHW6621HW"},"content":{"rendered":"<p><strong>Descripci\u00f3n General:<\/strong><\/p>\n<ul>\n<li><strong>Programas de Lavado:<\/strong> 12 ciclos.<\/li>\n<li><strong>Niveles de Agua:<\/strong> 10, con sistema de selecci\u00f3n autom\u00e1tica.<\/li>\n<li><strong>Material de la Tina:<\/strong> 100% Acero Inoxidable.<\/li>\n<li><strong>Consumo M\u00ednimo Energ\u00e9tico:<\/strong> 3.21 kWh\/Mes.<\/li>\n<li><strong>Eficiencia Energ\u00e9tica:<\/strong> Clase A.<\/li>\n<li><strong>Bot\u00f3n Extra Power:<\/strong> Mejora los resultados de limpieza en cada ciclo, combinando la temperatura del agua de manera efectiva.<\/li>\n<li><strong>Sistema Load&amp;Go:<\/strong> Capacidad para cargar detergente y suavizante para hasta 40 lavados sin necesidad de recargar. La lavadora determina autom\u00e1ticamente la cantidad necesaria de estos insumos.<\/li>\n<li><strong>Fresh Hold\u00ae:<\/strong> Mantiene la ropa fresca y libre de malos olores recirculando la carga hasta por 16 horas despu\u00e9s de terminado el ciclo\u200b\u200b.<\/li>\n<\/ul>\n<p>Esta lavadora se destaca por su gran capacidad y eficiencia, siendo adecuada para hogares con grandes necesidades de lavado y una preferencia por tecnolog\u00edas avanzadas que facilitan la tarea.<\/p>\n","protected":false},"excerpt":{"rendered":"<p>Descripci\u00f3n General: Programas de Lavado: 12 ciclos. Niveles de Agua: 10, con sistema de selecci\u00f3n autom\u00e1tica. Material de la Tina: 100% Acero Inoxidable. Consumo M\u00ednimo Energ\u00e9tico: 3.21 kWh\/Mes. Eficiencia Energ\u00e9tica: Clase A. Bot\u00f3n Extra Power: Mejora los resultados de limpieza en cada ciclo, combinando la temperatura del agua de manera efectiva. Sistema Load&amp;Go: Capacidad para [&hellip;]<\/p>\n","protected":false},"featured_media":4508,"template":"","meta":{"_joinchat":[]},"product_brand":[],"product_cat":[161,179,180,32],"product_tag":[205],"class_list":{"0":"post-2306","1":"product","2":"type-product","3":"status-publish","4":"has-post-thumbnail","6":"product_cat-best-selling-products","7":"product_cat-lavadoras","8":"product_cat-lavadoras-carga-frontal","9":"product_cat-lavanderia","10":"product_tag-maytag","12":"first","13":"outofstock","14":"shipping-taxable","15":"purchasable","16":"product-type-simple"},"_links":{"self":[{"href":"https:\/\/eltiosam.com.mx\/index.php\/wp-json\/wp\/v2\/product\/2306","targetHints":{"allow":["GET"]}}],"collection":[{"href":"https:\/\/eltiosam.com.mx\/index.php\/wp-json\/wp\/v2\/product"}],"about":[{"href":"https:\/\/eltiosam.com.mx\/index.php\/wp-json\/wp\/v2\/types\/product"}],"wp:featuredmedia":[{"embeddable":true,"href":"https:\/\/eltiosam.com.mx\/index.php\/wp-json\/wp\/v2\/media\/4508"}],"wp:attachment":[{"href":"https:\/\/eltiosam.com.mx\/index.php\/wp-json\/wp\/v2\/media?parent=2306"}],"wp:term":[{"taxonomy":"product_brand","embeddable":true,"href":"https:\/\/eltiosam.com.mx\/index.php\/wp-json\/wp\/v2\/product_brand?post=2306"},{"taxonomy":"product_cat","embeddable":true,"href":"https:\/\/eltiosam.com.mx\/index.php\/wp-json\/wp\/v2\/product_cat?post=2306"},{"taxonomy":"product_tag","embeddable":true,"href":"https:\/\/eltiosam.com.mx\/index.php\/wp-json\/wp\/v2\/product_tag?post=2306"}],"curies":[{"name":"wp","href":"https:\/\/api.w.org\/{rel}","templated":true}]}}