{"id":1962,"date":"2023-11-15T21:46:46","date_gmt":"2023-11-15T21:46:46","guid":{"rendered":"http:\/\/eltiosam.com.mx\/index.php\/product\/estufa-de-gas-mabe-30-xoc80800ct\/"},"modified":"2024-02-08T23:30:43","modified_gmt":"2024-02-08T23:30:43","slug":"estufa-de-gas-mabe-30-xoc80800ct","status":"publish","type":"product","link":"https:\/\/eltiosam.com.mx\/index.php\/product\/estufa-de-gas-mabe-30-xoc80800ct\/","title":{"rendered":"ESTUFA DE GAS MABE 30&#8243; XOC80800CT"},"content":{"rendered":"<p>La <strong>Estufa de Gas Mabe 30&#8243; XOC80800CT<\/strong> ofrece un rendimiento excepcional y diversas caracter\u00edsticas para facilitar tus tareas de cocina.\u00a0Esta estufa Mabe combina un dise\u00f1o elegante con caracter\u00edsticas avanzadas para brindar una experiencia de cocina eficiente y pr\u00e1ctica. Su tecnolog\u00eda y funcionalidades la convierten en una excelente adici\u00f3n a tu cocina.<\/p>\n","protected":false},"excerpt":{"rendered":"<p>La Estufa de Gas Mabe 30&#8243; XOC80800CT ofrece un rendimiento excepcional y diversas caracter\u00edsticas para facilitar tus tareas de cocina.\u00a0Esta estufa Mabe combina un dise\u00f1o elegante con caracter\u00edsticas avanzadas para brindar una experiencia de cocina eficiente y pr\u00e1ctica. Su tecnolog\u00eda y funcionalidades la convierten en una excelente adici\u00f3n a tu cocina.<\/p>\n","protected":false},"featured_media":2651,"template":"","meta":{"_joinchat":[]},"product_brand":[],"product_cat":[161,29,62,171],"product_tag":[21],"class_list":{"0":"post-1962","1":"product","2":"type-product","3":"status-publish","4":"has-post-thumbnail","6":"product_cat-best-selling-products","7":"product_cat-coccion","8":"product_cat-estufas","9":"product_cat-estufas-de-empotre","10":"product_tag-mabe","12":"first","13":"outofstock","14":"shipping-taxable","15":"purchasable","16":"product-type-simple"},"_links":{"self":[{"href":"https:\/\/eltiosam.com.mx\/index.php\/wp-json\/wp\/v2\/product\/1962","targetHints":{"allow":["GET"]}}],"collection":[{"href":"https:\/\/eltiosam.com.mx\/index.php\/wp-json\/wp\/v2\/product"}],"about":[{"href":"https:\/\/eltiosam.com.mx\/index.php\/wp-json\/wp\/v2\/types\/product"}],"wp:featuredmedia":[{"embeddable":true,"href":"https:\/\/eltiosam.com.mx\/index.php\/wp-json\/wp\/v2\/media\/2651"}],"wp:attachment":[{"href":"https:\/\/eltiosam.com.mx\/index.php\/wp-json\/wp\/v2\/media?parent=1962"}],"wp:term":[{"taxonomy":"product_brand","embeddable":true,"href":"https:\/\/eltiosam.com.mx\/index.php\/wp-json\/wp\/v2\/product_brand?post=1962"},{"taxonomy":"product_cat","embeddable":true,"href":"https:\/\/eltiosam.com.mx\/index.php\/wp-json\/wp\/v2\/product_cat?post=1962"},{"taxonomy":"product_tag","embeddable":true,"href":"https:\/\/eltiosam.com.mx\/index.php\/wp-json\/wp\/v2\/product_tag?post=1962"}],"curies":[{"name":"wp","href":"https:\/\/api.w.org\/{rel}","templated":true}]}}