{"id":1894,"date":"2023-11-15T21:46:15","date_gmt":"2023-11-15T21:46:15","guid":{"rendered":"http:\/\/eltiosam.com.mx\/index.php\/product\/enfriador-mabe-emm2pn\/"},"modified":"2024-02-08T13:55:51","modified_gmt":"2024-02-08T13:55:51","slug":"enfriador-mabe-emm2pn","status":"publish","type":"product","link":"https:\/\/eltiosam.com.mx\/index.php\/product\/enfriador-mabe-emm2pn\/","title":{"rendered":"ENFRIADOR MABE EMM2PN"},"content":{"rendered":"<p><strong>Descripci\u00f3n:<\/strong> El <strong>Enfriador de Agua Mabe EMM2PN<\/strong> es una opci\u00f3n vers\u00e1til y elegante para tu hogar u oficina. Aqu\u00ed tienes sus principales caracter\u00edsticas y especificaciones:<\/p>\n","protected":false},"excerpt":{"rendered":"<p>Descripci\u00f3n: El Enfriador de Agua Mabe EMM2PN es una opci\u00f3n vers\u00e1til y elegante para tu hogar u oficina. Aqu\u00ed tienes sus principales caracter\u00edsticas y especificaciones:<\/p>\n","protected":false},"featured_media":2329,"template":"","meta":{"_joinchat":[]},"product_brand":[],"product_cat":[161,169,170,165,20],"product_tag":[21],"class_list":{"0":"post-1894","1":"product","2":"type-product","3":"status-publish","4":"has-post-thumbnail","6":"product_cat-best-selling-products","7":"product_cat-despachadores-de-agua","8":"product_cat-enfriadores-de-bebidas","9":"product_cat-enfriadores-de-bebidas-frigobares","10":"product_cat-refrigeracion","11":"product_tag-mabe","13":"first","14":"outofstock","15":"shipping-taxable","16":"purchasable","17":"product-type-simple"},"_links":{"self":[{"href":"https:\/\/eltiosam.com.mx\/index.php\/wp-json\/wp\/v2\/product\/1894","targetHints":{"allow":["GET"]}}],"collection":[{"href":"https:\/\/eltiosam.com.mx\/index.php\/wp-json\/wp\/v2\/product"}],"about":[{"href":"https:\/\/eltiosam.com.mx\/index.php\/wp-json\/wp\/v2\/types\/product"}],"wp:featuredmedia":[{"embeddable":true,"href":"https:\/\/eltiosam.com.mx\/index.php\/wp-json\/wp\/v2\/media\/2329"}],"wp:attachment":[{"href":"https:\/\/eltiosam.com.mx\/index.php\/wp-json\/wp\/v2\/media?parent=1894"}],"wp:term":[{"taxonomy":"product_brand","embeddable":true,"href":"https:\/\/eltiosam.com.mx\/index.php\/wp-json\/wp\/v2\/product_brand?post=1894"},{"taxonomy":"product_cat","embeddable":true,"href":"https:\/\/eltiosam.com.mx\/index.php\/wp-json\/wp\/v2\/product_cat?post=1894"},{"taxonomy":"product_tag","embeddable":true,"href":"https:\/\/eltiosam.com.mx\/index.php\/wp-json\/wp\/v2\/product_tag?post=1894"}],"curies":[{"name":"wp","href":"https:\/\/api.w.org\/{rel}","templated":true}]}}