{"id":1863,"date":"2023-11-15T21:46:04","date_gmt":"2023-11-15T21:46:04","guid":{"rendered":"http:\/\/eltiosam.com.mx\/index.php\/product\/dispensador-de-jabon-eclipse-esd\/"},"modified":"2024-02-08T03:52:34","modified_gmt":"2024-02-08T03:52:34","slug":"dispensador-de-jabon-eclipse-esd","status":"publish","type":"product","link":"https:\/\/eltiosam.com.mx\/index.php\/product\/dispensador-de-jabon-eclipse-esd\/","title":{"rendered":"DISPENSADOR DE JABON ECLIPSE ESD"},"content":{"rendered":"<p><strong>Descripci\u00f3n:<\/strong> Este dispensador de jab\u00f3n Eclipse funcional y elegante actualizar\u00e1 la apariencia de su cocina. Es parte del sistema de componentes compatibles con Eclipse, por lo que es una combinaci\u00f3n perfecta con su fregadero y grifo Eclipse.<\/p>\n","protected":false},"excerpt":{"rendered":"<p>Descripci\u00f3n: Este dispensador de jab\u00f3n Eclipse funcional y elegante actualizar\u00e1 la apariencia de su cocina. Es parte del sistema de componentes compatibles con Eclipse, por lo que es una combinaci\u00f3n perfecta con su fregadero y grifo Eclipse.<\/p>\n","protected":false},"featured_media":2266,"template":"","meta":{"_joinchat":[]},"product_brand":[],"product_cat":[158,161],"product_tag":[48],"class_list":{"0":"post-1863","1":"product","2":"type-product","3":"status-publish","4":"has-post-thumbnail","6":"product_cat-accesorios","7":"product_cat-best-selling-products","8":"product_tag-eclipse","10":"first","11":"outofstock","12":"shipping-taxable","13":"purchasable","14":"product-type-simple"},"_links":{"self":[{"href":"https:\/\/eltiosam.com.mx\/index.php\/wp-json\/wp\/v2\/product\/1863","targetHints":{"allow":["GET"]}}],"collection":[{"href":"https:\/\/eltiosam.com.mx\/index.php\/wp-json\/wp\/v2\/product"}],"about":[{"href":"https:\/\/eltiosam.com.mx\/index.php\/wp-json\/wp\/v2\/types\/product"}],"wp:featuredmedia":[{"embeddable":true,"href":"https:\/\/eltiosam.com.mx\/index.php\/wp-json\/wp\/v2\/media\/2266"}],"wp:attachment":[{"href":"https:\/\/eltiosam.com.mx\/index.php\/wp-json\/wp\/v2\/media?parent=1863"}],"wp:term":[{"taxonomy":"product_brand","embeddable":true,"href":"https:\/\/eltiosam.com.mx\/index.php\/wp-json\/wp\/v2\/product_brand?post=1863"},{"taxonomy":"product_cat","embeddable":true,"href":"https:\/\/eltiosam.com.mx\/index.php\/wp-json\/wp\/v2\/product_cat?post=1863"},{"taxonomy":"product_tag","embeddable":true,"href":"https:\/\/eltiosam.com.mx\/index.php\/wp-json\/wp\/v2\/product_tag?post=1863"}],"curies":[{"name":"wp","href":"https:\/\/api.w.org\/{rel}","templated":true}]}}