{"id":1786,"date":"2023-11-15T21:45:35","date_gmt":"2023-11-15T21:45:35","guid":{"rendered":"http:\/\/eltiosam.com.mx\/index.php\/product\/cava-whirlpool-ww2110s\/"},"modified":"2024-02-07T00:34:50","modified_gmt":"2024-02-07T00:34:50","slug":"cava-whirlpool-ww2110s","status":"publish","type":"product","link":"https:\/\/eltiosam.com.mx\/index.php\/product\/cava-whirlpool-ww2110s\/","title":{"rendered":"CAVA WHIRLPOOL WW2110S"},"content":{"rendered":"<p>Esta cava de vinos Whirlpool ofrece un dise\u00f1o elegante con parrillas deslizables de madera y una puerta de vidrio reversible. Con capacidad para 21 botellas y un rango de temperatura ajustable, proporciona el entorno perfecto para preservar tus vinos. El termostato con control mec\u00e1nico facilita la configuraci\u00f3n, y las caracter\u00edsticas adicionales como la puerta reversible brindan versatilidad para adaptarse a tu espacio.<\/p>\n","protected":false},"excerpt":{"rendered":"<p>Esta cava de vinos Whirlpool ofrece un dise\u00f1o elegante con parrillas deslizables de madera y una puerta de vidrio reversible. Con capacidad para 21 botellas y un rango de temperatura ajustable, proporciona el entorno perfecto para preservar tus vinos. El termostato con control mec\u00e1nico facilita la configuraci\u00f3n, y las caracter\u00edsticas adicionales como la puerta reversible [&hellip;]<\/p>\n","protected":false},"featured_media":2094,"template":"","meta":{"_joinchat":[]},"product_brand":[],"product_cat":[161,164,165,20],"product_tag":[204],"class_list":{"0":"post-1786","1":"product","2":"type-product","3":"status-publish","4":"has-post-thumbnail","6":"product_cat-best-selling-products","7":"product_cat-cavas","8":"product_cat-enfriadores-de-bebidas-frigobares","9":"product_cat-refrigeracion","10":"product_tag-whirlpool","12":"first","13":"outofstock","14":"shipping-taxable","15":"purchasable","16":"product-type-simple"},"_links":{"self":[{"href":"https:\/\/eltiosam.com.mx\/index.php\/wp-json\/wp\/v2\/product\/1786","targetHints":{"allow":["GET"]}}],"collection":[{"href":"https:\/\/eltiosam.com.mx\/index.php\/wp-json\/wp\/v2\/product"}],"about":[{"href":"https:\/\/eltiosam.com.mx\/index.php\/wp-json\/wp\/v2\/types\/product"}],"wp:featuredmedia":[{"embeddable":true,"href":"https:\/\/eltiosam.com.mx\/index.php\/wp-json\/wp\/v2\/media\/2094"}],"wp:attachment":[{"href":"https:\/\/eltiosam.com.mx\/index.php\/wp-json\/wp\/v2\/media?parent=1786"}],"wp:term":[{"taxonomy":"product_brand","embeddable":true,"href":"https:\/\/eltiosam.com.mx\/index.php\/wp-json\/wp\/v2\/product_brand?post=1786"},{"taxonomy":"product_cat","embeddable":true,"href":"https:\/\/eltiosam.com.mx\/index.php\/wp-json\/wp\/v2\/product_cat?post=1786"},{"taxonomy":"product_tag","embeddable":true,"href":"https:\/\/eltiosam.com.mx\/index.php\/wp-json\/wp\/v2\/product_tag?post=1786"}],"curies":[{"name":"wp","href":"https:\/\/api.w.org\/{rel}","templated":true}]}}