{"id":1778,"date":"2023-11-15T21:45:33","date_gmt":"2023-11-15T21:45:33","guid":{"rendered":"http:\/\/eltiosam.com.mx\/index.php\/product\/cava-mabe-6-botellas-mw6xdbb\/"},"modified":"2024-02-07T00:28:10","modified_gmt":"2024-02-07T00:28:10","slug":"cava-mabe-6-botellas-mw6xdbb","status":"publish","type":"product","link":"https:\/\/eltiosam.com.mx\/index.php\/product\/cava-mabe-6-botellas-mw6xdbb\/","title":{"rendered":"CAVA MABE 6 BOTELLAS MW6XDBB"},"content":{"rendered":"<p>Esta cava es ideal para entusiastas del vino que buscan un almacenamiento eficiente y estilizado en un espacio reducido, ofreciendo una soluci\u00f3n pr\u00e1ctica y elegante para la conservaci\u00f3n de vinos.<\/p>\n","protected":false},"excerpt":{"rendered":"<p>Esta cava es ideal para entusiastas del vino que buscan un almacenamiento eficiente y estilizado en un espacio reducido, ofreciendo una soluci\u00f3n pr\u00e1ctica y elegante para la conservaci\u00f3n de vinos.<\/p>\n","protected":false},"featured_media":2067,"template":"","meta":{"_joinchat":[]},"product_brand":[],"product_cat":[161,164,165,20],"product_tag":[21],"class_list":{"0":"post-1778","1":"product","2":"type-product","3":"status-publish","4":"has-post-thumbnail","6":"product_cat-best-selling-products","7":"product_cat-cavas","8":"product_cat-enfriadores-de-bebidas-frigobares","9":"product_cat-refrigeracion","10":"product_tag-mabe","12":"first","13":"outofstock","14":"shipping-taxable","15":"purchasable","16":"product-type-simple"},"_links":{"self":[{"href":"https:\/\/eltiosam.com.mx\/index.php\/wp-json\/wp\/v2\/product\/1778","targetHints":{"allow":["GET"]}}],"collection":[{"href":"https:\/\/eltiosam.com.mx\/index.php\/wp-json\/wp\/v2\/product"}],"about":[{"href":"https:\/\/eltiosam.com.mx\/index.php\/wp-json\/wp\/v2\/types\/product"}],"wp:featuredmedia":[{"embeddable":true,"href":"https:\/\/eltiosam.com.mx\/index.php\/wp-json\/wp\/v2\/media\/2067"}],"wp:attachment":[{"href":"https:\/\/eltiosam.com.mx\/index.php\/wp-json\/wp\/v2\/media?parent=1778"}],"wp:term":[{"taxonomy":"product_brand","embeddable":true,"href":"https:\/\/eltiosam.com.mx\/index.php\/wp-json\/wp\/v2\/product_brand?post=1778"},{"taxonomy":"product_cat","embeddable":true,"href":"https:\/\/eltiosam.com.mx\/index.php\/wp-json\/wp\/v2\/product_cat?post=1778"},{"taxonomy":"product_tag","embeddable":true,"href":"https:\/\/eltiosam.com.mx\/index.php\/wp-json\/wp\/v2\/product_tag?post=1778"}],"curies":[{"name":"wp","href":"https:\/\/api.w.org\/{rel}","templated":true}]}}