{"id":1670,"date":"2023-11-15T21:44:43","date_gmt":"2023-11-15T21:44:43","guid":{"rendered":"http:\/\/eltiosam.com.mx\/index.php\/product\/campana-kitchen-aid-kvwb606dss\/"},"modified":"2024-02-06T04:30:43","modified_gmt":"2024-02-06T04:30:43","slug":"campana-kitchen-aid-kvwb606dss","status":"publish","type":"product","link":"https:\/\/eltiosam.com.mx\/index.php\/product\/campana-kitchen-aid-kvwb606dss\/","title":{"rendered":"CAMPANA KITCHEN AID KVWB606DSS"},"content":{"rendered":"<p><strong>Descripci\u00f3n del Producto:<\/strong> La Campana Kitchen Aid KVWB606DSS cuenta con la funci\u00f3n de Ventilaci\u00f3n Perimetral, que extrae el aire de las orillas hacia el centro de la campana, protegiendo la cocina del vapor, grasa y humedad. Sus tres velocidades de extracci\u00f3n son ajustables seg\u00fan las necesidades de cocinado.<\/p>\n","protected":false},"excerpt":{"rendered":"<p>Descripci\u00f3n del Producto: La Campana Kitchen Aid KVWB606DSS cuenta con la funci\u00f3n de Ventilaci\u00f3n Perimetral, que extrae el aire de las orillas hacia el centro de la campana, protegiendo la cocina del vapor, grasa y humedad. Sus tres velocidades de extracci\u00f3n son ajustables seg\u00fan las necesidades de cocinado.<\/p>\n","protected":false},"featured_media":1816,"template":"","meta":{"_joinchat":[]},"product_brand":[],"product_cat":[161,45,29,168],"product_tag":[39],"class_list":{"0":"post-1670","1":"product","2":"type-product","3":"status-publish","4":"has-post-thumbnail","6":"product_cat-best-selling-products","7":"product_cat-campanas","8":"product_cat-coccion","9":"product_cat-decorativas-de-pared","10":"product_tag-kitchen-aid","12":"first","13":"outofstock","14":"shipping-taxable","15":"purchasable","16":"product-type-simple"},"_links":{"self":[{"href":"https:\/\/eltiosam.com.mx\/index.php\/wp-json\/wp\/v2\/product\/1670","targetHints":{"allow":["GET"]}}],"collection":[{"href":"https:\/\/eltiosam.com.mx\/index.php\/wp-json\/wp\/v2\/product"}],"about":[{"href":"https:\/\/eltiosam.com.mx\/index.php\/wp-json\/wp\/v2\/types\/product"}],"wp:featuredmedia":[{"embeddable":true,"href":"https:\/\/eltiosam.com.mx\/index.php\/wp-json\/wp\/v2\/media\/1816"}],"wp:attachment":[{"href":"https:\/\/eltiosam.com.mx\/index.php\/wp-json\/wp\/v2\/media?parent=1670"}],"wp:term":[{"taxonomy":"product_brand","embeddable":true,"href":"https:\/\/eltiosam.com.mx\/index.php\/wp-json\/wp\/v2\/product_brand?post=1670"},{"taxonomy":"product_cat","embeddable":true,"href":"https:\/\/eltiosam.com.mx\/index.php\/wp-json\/wp\/v2\/product_cat?post=1670"},{"taxonomy":"product_tag","embeddable":true,"href":"https:\/\/eltiosam.com.mx\/index.php\/wp-json\/wp\/v2\/product_tag?post=1670"}],"curies":[{"name":"wp","href":"https:\/\/api.w.org\/{rel}","templated":true}]}}