{"id":1667,"date":"2023-11-15T21:44:41","date_gmt":"2023-11-15T21:44:41","guid":{"rendered":"http:\/\/eltiosam.com.mx\/index.php\/product\/campana-kitchen-aid-kvib606dss\/"},"modified":"2024-02-06T04:22:41","modified_gmt":"2024-02-06T04:22:41","slug":"campana-kitchen-aid-kvib606dss","status":"publish","type":"product","link":"https:\/\/eltiosam.com.mx\/index.php\/product\/campana-kitchen-aid-kvib606dss\/","title":{"rendered":"CAMPANA KITCHEN AID KVIB606DSS"},"content":{"rendered":"<p>La campana KitchenAid KVIB606DSS es una elegante campana decorativa tipo isla que combina funcionalidad y estilo. Con caracter\u00edsticas como la ventilaci\u00f3n perim\u00e9trica, encendido autom\u00e1tico y controles t\u00e1ctiles, ofrece un rendimiento eficiente y una apariencia moderna. Con una capacidad de extracci\u00f3n de 600 CFM, es adecuada para mantener tu cocina fresca y libre de olores no deseados. Su dise\u00f1o en acero inoxidable y color gris la hacen atractiva y duradera.<\/p>\n","protected":false},"excerpt":{"rendered":"<p>La campana KitchenAid KVIB606DSS es una elegante campana decorativa tipo isla que combina funcionalidad y estilo. Con caracter\u00edsticas como la ventilaci\u00f3n perim\u00e9trica, encendido autom\u00e1tico y controles t\u00e1ctiles, ofrece un rendimiento eficiente y una apariencia moderna. Con una capacidad de extracci\u00f3n de 600 CFM, es adecuada para mantener tu cocina fresca y libre de olores no [&hellip;]<\/p>\n","protected":false},"featured_media":1807,"template":"","meta":{"_joinchat":[]},"product_brand":[],"product_cat":[161,45,29,167],"product_tag":[39],"class_list":{"0":"post-1667","1":"product","2":"type-product","3":"status-publish","4":"has-post-thumbnail","6":"product_cat-best-selling-products","7":"product_cat-campanas","8":"product_cat-coccion","9":"product_cat-decorativas-de-isla","10":"product_tag-kitchen-aid","12":"first","13":"outofstock","14":"shipping-taxable","15":"purchasable","16":"product-type-simple"},"_links":{"self":[{"href":"https:\/\/eltiosam.com.mx\/index.php\/wp-json\/wp\/v2\/product\/1667","targetHints":{"allow":["GET"]}}],"collection":[{"href":"https:\/\/eltiosam.com.mx\/index.php\/wp-json\/wp\/v2\/product"}],"about":[{"href":"https:\/\/eltiosam.com.mx\/index.php\/wp-json\/wp\/v2\/types\/product"}],"wp:featuredmedia":[{"embeddable":true,"href":"https:\/\/eltiosam.com.mx\/index.php\/wp-json\/wp\/v2\/media\/1807"}],"wp:attachment":[{"href":"https:\/\/eltiosam.com.mx\/index.php\/wp-json\/wp\/v2\/media?parent=1667"}],"wp:term":[{"taxonomy":"product_brand","embeddable":true,"href":"https:\/\/eltiosam.com.mx\/index.php\/wp-json\/wp\/v2\/product_brand?post=1667"},{"taxonomy":"product_cat","embeddable":true,"href":"https:\/\/eltiosam.com.mx\/index.php\/wp-json\/wp\/v2\/product_cat?post=1667"},{"taxonomy":"product_tag","embeddable":true,"href":"https:\/\/eltiosam.com.mx\/index.php\/wp-json\/wp\/v2\/product_tag?post=1667"}],"curies":[{"name":"wp","href":"https:\/\/api.w.org\/{rel}","templated":true}]}}