{"id":1632,"date":"2023-11-15T21:44:21","date_gmt":"2023-11-15T21:44:21","guid":{"rendered":"http:\/\/eltiosam.com.mx\/index.php\/product\/campana-de-pared-teka-90cm-dje-90\/"},"modified":"2024-02-05T19:52:01","modified_gmt":"2024-02-05T19:52:01","slug":"campana-de-pared-teka-90cm-dje-90","status":"publish","type":"product","link":"https:\/\/eltiosam.com.mx\/index.php\/product\/campana-de-pared-teka-90cm-dje-90\/","title":{"rendered":"CAMPANA DE PARED TEKA 90CM DJE 90"},"content":{"rendered":"<div class=\"flex-1 overflow-hidden\">\n<div class=\"react-scroll-to-bottom--css-yrypf-79elbk h-full\">\n<div class=\"react-scroll-to-bottom--css-yrypf-1n7m0yu\">\n<div class=\"flex flex-col pb-9 text-sm\">\n<div class=\"w-full text-token-text-primary\" data-testid=\"conversation-turn-317\">\n<div class=\"px-4 py-2 justify-center text-base md:gap-6 m-auto\">\n<div class=\"flex flex-1 text-base mx-auto gap-3 md:px-5 lg:px-1 xl:px-5 md:max-w-3xl lg:max-w-[40rem] xl:max-w-[48rem] group final-completion\">\n<div class=\"relative flex w-full flex-col lg:w-[calc(100%-115px)] agent-turn\">\n<div class=\"flex-col gap-1 md:gap-3\">\n<div class=\"flex flex-grow flex-col max-w-full\">\n<div class=\"min-h-[20px] text-message flex flex-col items-start gap-3 whitespace-pre-wrap break-words [.text-message+&amp;]:mt-5 overflow-x-auto\" data-message-author-role=\"assistant\" data-message-id=\"5ecb5f62-38c7-4775-a5ac-a267eda3c9c8\">\n<div class=\"markdown prose w-full break-words dark:prose-invert light\">\n<p>La Campana de Pared Teka DJE 90 es una opci\u00f3n vers\u00e1til y eficiente para mantener tu cocina limpia y libre de olores.<\/p>\n<p>La Campana de Pared Teka DJE 90 combina eficacia y dise\u00f1o, proporcionando un ambiente fresco y una apariencia moderna a tu cocina. Su construcci\u00f3n de acero inoxidable, iluminaci\u00f3n LED y tecnolog\u00eda de extracci\u00f3n la convierten en una elecci\u00f3n pr\u00e1ctica y estilizada.<\/p>\n<\/div>\n<\/div>\n<\/div>\n<\/div>\n<\/div>\n<\/div>\n<\/div>\n<\/div>\n<\/div>\n<\/div>\n<\/div>\n<\/div>\n","protected":false},"excerpt":{"rendered":"<p>La Campana de Pared Teka DJE 90 es una opci\u00f3n vers\u00e1til y eficiente para mantener tu cocina limpia y libre de olores. La Campana de Pared Teka DJE 90 combina eficacia y dise\u00f1o, proporcionando un ambiente fresco y una apariencia moderna a tu cocina. Su construcci\u00f3n de acero inoxidable, iluminaci\u00f3n LED y tecnolog\u00eda de extracci\u00f3n [&hellip;]<\/p>\n","protected":false},"featured_media":1713,"template":"","meta":{"_joinchat":[]},"product_brand":[],"product_cat":[161,45,29,168],"product_tag":[106],"class_list":{"0":"post-1632","1":"product","2":"type-product","3":"status-publish","4":"has-post-thumbnail","6":"product_cat-best-selling-products","7":"product_cat-campanas","8":"product_cat-coccion","9":"product_cat-decorativas-de-pared","10":"product_tag-teka","12":"first","13":"outofstock","14":"shipping-taxable","15":"purchasable","16":"product-type-simple"},"_links":{"self":[{"href":"https:\/\/eltiosam.com.mx\/index.php\/wp-json\/wp\/v2\/product\/1632","targetHints":{"allow":["GET"]}}],"collection":[{"href":"https:\/\/eltiosam.com.mx\/index.php\/wp-json\/wp\/v2\/product"}],"about":[{"href":"https:\/\/eltiosam.com.mx\/index.php\/wp-json\/wp\/v2\/types\/product"}],"wp:featuredmedia":[{"embeddable":true,"href":"https:\/\/eltiosam.com.mx\/index.php\/wp-json\/wp\/v2\/media\/1713"}],"wp:attachment":[{"href":"https:\/\/eltiosam.com.mx\/index.php\/wp-json\/wp\/v2\/media?parent=1632"}],"wp:term":[{"taxonomy":"product_brand","embeddable":true,"href":"https:\/\/eltiosam.com.mx\/index.php\/wp-json\/wp\/v2\/product_brand?post=1632"},{"taxonomy":"product_cat","embeddable":true,"href":"https:\/\/eltiosam.com.mx\/index.php\/wp-json\/wp\/v2\/product_cat?post=1632"},{"taxonomy":"product_tag","embeddable":true,"href":"https:\/\/eltiosam.com.mx\/index.php\/wp-json\/wp\/v2\/product_tag?post=1632"}],"curies":[{"name":"wp","href":"https:\/\/api.w.org\/{rel}","templated":true}]}}