{"id":1628,"date":"2023-11-15T21:44:19","date_gmt":"2023-11-15T21:44:19","guid":{"rendered":"http:\/\/eltiosam.com.mx\/index.php\/product\/campana-de-pared-teka-80cm-tmx-80-titanium\/"},"modified":"2024-02-05T19:45:45","modified_gmt":"2024-02-05T19:45:45","slug":"campana-de-pared-teka-80cm-tmx-80-titanium","status":"publish","type":"product","link":"https:\/\/eltiosam.com.mx\/index.php\/product\/campana-de-pared-teka-80cm-tmx-80-titanium\/","title":{"rendered":"CAMPANA DE PARED TEKA 80CM TMX 80 TITANIUM"},"content":{"rendered":"<p>La Campana de Pared Teka TMX 80 en color Titanium es una opci\u00f3n elegante y funcional para tu cocina. La Campana de Pared Teka TMX 80 Titanium combina estilo y funcionalidad para proporcionar un ambiente limpio y moderno en tu cocina. Con su dise\u00f1o atractivo, controles intuitivos y rendimiento eficiente, es una elecci\u00f3n ideal para espacios contempor\u00e1neos.<\/p>\n","protected":false},"excerpt":{"rendered":"<p>La Campana de Pared Teka TMX 80 en color Titanium es una opci\u00f3n elegante y funcional para tu cocina. La Campana de Pared Teka TMX 80 Titanium combina estilo y funcionalidad para proporcionar un ambiente limpio y moderno en tu cocina. Con su dise\u00f1o atractivo, controles intuitivos y rendimiento eficiente, es una elecci\u00f3n ideal para [&hellip;]<\/p>\n","protected":false},"featured_media":1707,"template":"","meta":{"_joinchat":[]},"product_brand":[],"product_cat":[160,161,45,29],"product_tag":[106],"class_list":{"0":"post-1628","1":"product","2":"type-product","3":"status-publish","4":"has-post-thumbnail","6":"product_cat-bajo-alacena","7":"product_cat-best-selling-products","8":"product_cat-campanas","9":"product_cat-coccion","10":"product_tag-teka","12":"first","13":"outofstock","14":"shipping-taxable","15":"purchasable","16":"product-type-simple"},"_links":{"self":[{"href":"https:\/\/eltiosam.com.mx\/index.php\/wp-json\/wp\/v2\/product\/1628","targetHints":{"allow":["GET"]}}],"collection":[{"href":"https:\/\/eltiosam.com.mx\/index.php\/wp-json\/wp\/v2\/product"}],"about":[{"href":"https:\/\/eltiosam.com.mx\/index.php\/wp-json\/wp\/v2\/types\/product"}],"wp:featuredmedia":[{"embeddable":true,"href":"https:\/\/eltiosam.com.mx\/index.php\/wp-json\/wp\/v2\/media\/1707"}],"wp:attachment":[{"href":"https:\/\/eltiosam.com.mx\/index.php\/wp-json\/wp\/v2\/media?parent=1628"}],"wp:term":[{"taxonomy":"product_brand","embeddable":true,"href":"https:\/\/eltiosam.com.mx\/index.php\/wp-json\/wp\/v2\/product_brand?post=1628"},{"taxonomy":"product_cat","embeddable":true,"href":"https:\/\/eltiosam.com.mx\/index.php\/wp-json\/wp\/v2\/product_cat?post=1628"},{"taxonomy":"product_tag","embeddable":true,"href":"https:\/\/eltiosam.com.mx\/index.php\/wp-json\/wp\/v2\/product_tag?post=1628"}],"curies":[{"name":"wp","href":"https:\/\/api.w.org\/{rel}","templated":true}]}}