{"id":1611,"date":"2023-11-15T21:44:09","date_gmt":"2023-11-15T21:44:09","guid":{"rendered":"http:\/\/eltiosam.com.mx\/index.php\/product\/campana-de-pared-teka-70cm-dje-70\/"},"modified":"2024-02-05T19:12:49","modified_gmt":"2024-02-05T19:12:49","slug":"campana-de-pared-teka-70cm-dje-70","status":"publish","type":"product","link":"https:\/\/eltiosam.com.mx\/index.php\/product\/campana-de-pared-teka-70cm-dje-70\/","title":{"rendered":"CAMPANA DE PARED TEKA 70CM DJE 70"},"content":{"rendered":"<p>En resumen, la Campana de Pared Teka 70cm DJE 70 ofrece un rendimiento eficiente con m\u00faltiples velocidades, iluminaci\u00f3n LED, filtros lavables y un dise\u00f1o ajustable y estilizado. Sus caracter\u00edsticas la hacen adecuada para cocinas modernas y funcionales.<\/p>\n","protected":false},"excerpt":{"rendered":"<p>En resumen, la Campana de Pared Teka 70cm DJE 70 ofrece un rendimiento eficiente con m\u00faltiples velocidades, iluminaci\u00f3n LED, filtros lavables y un dise\u00f1o ajustable y estilizado. Sus caracter\u00edsticas la hacen adecuada para cocinas modernas y funcionales.<\/p>\n","protected":false},"featured_media":1688,"template":"","meta":{"_joinchat":[]},"product_brand":[],"product_cat":[161,45,29,168],"product_tag":[106],"class_list":{"0":"post-1611","1":"product","2":"type-product","3":"status-publish","4":"has-post-thumbnail","6":"product_cat-best-selling-products","7":"product_cat-campanas","8":"product_cat-coccion","9":"product_cat-decorativas-de-pared","10":"product_tag-teka","12":"first","13":"outofstock","14":"shipping-taxable","15":"purchasable","16":"product-type-simple"},"_links":{"self":[{"href":"https:\/\/eltiosam.com.mx\/index.php\/wp-json\/wp\/v2\/product\/1611","targetHints":{"allow":["GET"]}}],"collection":[{"href":"https:\/\/eltiosam.com.mx\/index.php\/wp-json\/wp\/v2\/product"}],"about":[{"href":"https:\/\/eltiosam.com.mx\/index.php\/wp-json\/wp\/v2\/types\/product"}],"wp:featuredmedia":[{"embeddable":true,"href":"https:\/\/eltiosam.com.mx\/index.php\/wp-json\/wp\/v2\/media\/1688"}],"wp:attachment":[{"href":"https:\/\/eltiosam.com.mx\/index.php\/wp-json\/wp\/v2\/media?parent=1611"}],"wp:term":[{"taxonomy":"product_brand","embeddable":true,"href":"https:\/\/eltiosam.com.mx\/index.php\/wp-json\/wp\/v2\/product_brand?post=1611"},{"taxonomy":"product_cat","embeddable":true,"href":"https:\/\/eltiosam.com.mx\/index.php\/wp-json\/wp\/v2\/product_cat?post=1611"},{"taxonomy":"product_tag","embeddable":true,"href":"https:\/\/eltiosam.com.mx\/index.php\/wp-json\/wp\/v2\/product_tag?post=1611"}],"curies":[{"name":"wp","href":"https:\/\/api.w.org\/{rel}","templated":true}]}}