{"id":1608,"date":"2023-11-15T21:44:08","date_gmt":"2023-11-15T21:44:08","guid":{"rendered":"http:\/\/eltiosam.com.mx\/index.php\/product\/campana-de-pared-teka-70cm-dep-90-inox\/"},"modified":"2024-02-05T19:09:13","modified_gmt":"2024-02-05T19:09:13","slug":"campana-de-pared-teka-70cm-dep-90-inox","status":"publish","type":"product","link":"https:\/\/eltiosam.com.mx\/index.php\/product\/campana-de-pared-teka-70cm-dep-90-inox\/","title":{"rendered":"CAMPANA DE PARED TEKA 70CM DEP 90 INOX"},"content":{"rendered":"<p>Esta campana de pared Teka DEP 90 Inox ofrece un dise\u00f1o elegante, potente capacidad de extracci\u00f3n, diversas velocidades, iluminaci\u00f3n incandescente y la versatilidad de ajustar la altura de la chimenea. Adem\u00e1s, cuenta con filtro de carb\u00f3n activo para recirculaci\u00f3n del aire.<\/p>\n","protected":false},"excerpt":{"rendered":"<p>Esta campana de pared Teka DEP 90 Inox ofrece un dise\u00f1o elegante, potente capacidad de extracci\u00f3n, diversas velocidades, iluminaci\u00f3n incandescente y la versatilidad de ajustar la altura de la chimenea. Adem\u00e1s, cuenta con filtro de carb\u00f3n activo para recirculaci\u00f3n del aire.<\/p>\n","protected":false},"featured_media":1686,"template":"","meta":{"_joinchat":[]},"product_brand":[],"product_cat":[161,45,29],"product_tag":[106],"class_list":{"0":"post-1608","1":"product","2":"type-product","3":"status-publish","4":"has-post-thumbnail","6":"product_cat-best-selling-products","7":"product_cat-campanas","8":"product_cat-coccion","9":"product_tag-teka","11":"first","12":"outofstock","13":"shipping-taxable","14":"purchasable","15":"product-type-simple"},"_links":{"self":[{"href":"https:\/\/eltiosam.com.mx\/index.php\/wp-json\/wp\/v2\/product\/1608","targetHints":{"allow":["GET"]}}],"collection":[{"href":"https:\/\/eltiosam.com.mx\/index.php\/wp-json\/wp\/v2\/product"}],"about":[{"href":"https:\/\/eltiosam.com.mx\/index.php\/wp-json\/wp\/v2\/types\/product"}],"wp:featuredmedia":[{"embeddable":true,"href":"https:\/\/eltiosam.com.mx\/index.php\/wp-json\/wp\/v2\/media\/1686"}],"wp:attachment":[{"href":"https:\/\/eltiosam.com.mx\/index.php\/wp-json\/wp\/v2\/media?parent=1608"}],"wp:term":[{"taxonomy":"product_brand","embeddable":true,"href":"https:\/\/eltiosam.com.mx\/index.php\/wp-json\/wp\/v2\/product_brand?post=1608"},{"taxonomy":"product_cat","embeddable":true,"href":"https:\/\/eltiosam.com.mx\/index.php\/wp-json\/wp\/v2\/product_cat?post=1608"},{"taxonomy":"product_tag","embeddable":true,"href":"https:\/\/eltiosam.com.mx\/index.php\/wp-json\/wp\/v2\/product_tag?post=1608"}],"curies":[{"name":"wp","href":"https:\/\/api.w.org\/{rel}","templated":true}]}}