{"id":1601,"date":"2023-11-15T21:44:05","date_gmt":"2023-11-15T21:44:05","guid":{"rendered":"http:\/\/eltiosam.com.mx\/index.php\/product\/campana-de-pared-teka-60cm-tl-6310-inox\/"},"modified":"2024-02-05T19:00:14","modified_gmt":"2024-02-05T19:00:14","slug":"campana-de-pared-teka-60cm-tl-6310-inox","status":"publish","type":"product","link":"https:\/\/eltiosam.com.mx\/index.php\/product\/campana-de-pared-teka-60cm-tl-6310-inox\/","title":{"rendered":"CAMPANA DE PARED TEKA 60CM TL 6310 INOX"},"content":{"rendered":"<p>En resumen, la Campana de Pared Teka 60cm TL 6310 Inox ofrece un dise\u00f1o telesc\u00f3pico, diversas velocidades, iluminaci\u00f3n eficiente, y opciones de recirculaci\u00f3n, lo que la hace adecuada para diferentes configuraciones de cocina.<\/p>\n","protected":false},"excerpt":{"rendered":"<p>En resumen, la Campana de Pared Teka 60cm TL 6310 Inox ofrece un dise\u00f1o telesc\u00f3pico, diversas velocidades, iluminaci\u00f3n eficiente, y opciones de recirculaci\u00f3n, lo que la hace adecuada para diferentes configuraciones de cocina.<\/p>\n","protected":false},"featured_media":1679,"template":"","meta":{"_joinchat":[]},"product_brand":[],"product_cat":[160,161,45,29],"product_tag":[106],"class_list":{"0":"post-1601","1":"product","2":"type-product","3":"status-publish","4":"has-post-thumbnail","6":"product_cat-bajo-alacena","7":"product_cat-best-selling-products","8":"product_cat-campanas","9":"product_cat-coccion","10":"product_tag-teka","12":"first","13":"outofstock","14":"shipping-taxable","15":"purchasable","16":"product-type-simple"},"_links":{"self":[{"href":"https:\/\/eltiosam.com.mx\/index.php\/wp-json\/wp\/v2\/product\/1601","targetHints":{"allow":["GET"]}}],"collection":[{"href":"https:\/\/eltiosam.com.mx\/index.php\/wp-json\/wp\/v2\/product"}],"about":[{"href":"https:\/\/eltiosam.com.mx\/index.php\/wp-json\/wp\/v2\/types\/product"}],"wp:featuredmedia":[{"embeddable":true,"href":"https:\/\/eltiosam.com.mx\/index.php\/wp-json\/wp\/v2\/media\/1679"}],"wp:attachment":[{"href":"https:\/\/eltiosam.com.mx\/index.php\/wp-json\/wp\/v2\/media?parent=1601"}],"wp:term":[{"taxonomy":"product_brand","embeddable":true,"href":"https:\/\/eltiosam.com.mx\/index.php\/wp-json\/wp\/v2\/product_brand?post=1601"},{"taxonomy":"product_cat","embeddable":true,"href":"https:\/\/eltiosam.com.mx\/index.php\/wp-json\/wp\/v2\/product_cat?post=1601"},{"taxonomy":"product_tag","embeddable":true,"href":"https:\/\/eltiosam.com.mx\/index.php\/wp-json\/wp\/v2\/product_tag?post=1601"}],"curies":[{"name":"wp","href":"https:\/\/api.w.org\/{rel}","templated":true}]}}