{"id":1588,"date":"2023-11-15T21:43:58","date_gmt":"2023-11-15T21:43:58","guid":{"rendered":"http:\/\/eltiosam.com.mx\/index.php\/product\/campana-de-pared-mabe-90cm-cm9013p0i\/"},"modified":"2024-02-03T18:57:01","modified_gmt":"2024-02-03T18:57:01","slug":"campana-de-pared-mabe-90cm-cm9013p0i","status":"publish","type":"product","link":"https:\/\/eltiosam.com.mx\/index.php\/product\/campana-de-pared-mabe-90cm-cm9013p0i\/","title":{"rendered":"CAMPANA DE PARED MABE 90CM CM9013P0I"},"content":{"rendered":"<p><strong>Descripci\u00f3n:<\/strong> Complementa tu cocina con esta campana Mabe de 90 cm, dise\u00f1ada para eliminar olores y mantener la cocina limpia. Su dise\u00f1o elegante y funcionalidad adicional, como el indicador de encendido, la hacen una opci\u00f3n pr\u00e1ctica y estilizada para tu hogar.<\/p>\n<p>Esta campana proporciona una soluci\u00f3n eficiente para mantener el aire limpio en tu cocina, con un dise\u00f1o que se integra f\u00e1cilmente en diferentes estilos de cocina.<\/p>\n","protected":false},"excerpt":{"rendered":"<p>Descripci\u00f3n: Complementa tu cocina con esta campana Mabe de 90 cm, dise\u00f1ada para eliminar olores y mantener la cocina limpia. Su dise\u00f1o elegante y funcionalidad adicional, como el indicador de encendido, la hacen una opci\u00f3n pr\u00e1ctica y estilizada para tu hogar. Esta campana proporciona una soluci\u00f3n eficiente para mantener el aire limpio en tu cocina, [&hellip;]<\/p>\n","protected":false},"featured_media":1660,"template":"","meta":{"_joinchat":[]},"product_brand":[],"product_cat":[161,45,29,168],"product_tag":[21],"class_list":{"0":"post-1588","1":"product","2":"type-product","3":"status-publish","4":"has-post-thumbnail","6":"product_cat-best-selling-products","7":"product_cat-campanas","8":"product_cat-coccion","9":"product_cat-decorativas-de-pared","10":"product_tag-mabe","12":"first","13":"outofstock","14":"shipping-taxable","15":"purchasable","16":"product-type-simple"},"_links":{"self":[{"href":"https:\/\/eltiosam.com.mx\/index.php\/wp-json\/wp\/v2\/product\/1588","targetHints":{"allow":["GET"]}}],"collection":[{"href":"https:\/\/eltiosam.com.mx\/index.php\/wp-json\/wp\/v2\/product"}],"about":[{"href":"https:\/\/eltiosam.com.mx\/index.php\/wp-json\/wp\/v2\/types\/product"}],"wp:featuredmedia":[{"embeddable":true,"href":"https:\/\/eltiosam.com.mx\/index.php\/wp-json\/wp\/v2\/media\/1660"}],"wp:attachment":[{"href":"https:\/\/eltiosam.com.mx\/index.php\/wp-json\/wp\/v2\/media?parent=1588"}],"wp:term":[{"taxonomy":"product_brand","embeddable":true,"href":"https:\/\/eltiosam.com.mx\/index.php\/wp-json\/wp\/v2\/product_brand?post=1588"},{"taxonomy":"product_cat","embeddable":true,"href":"https:\/\/eltiosam.com.mx\/index.php\/wp-json\/wp\/v2\/product_cat?post=1588"},{"taxonomy":"product_tag","embeddable":true,"href":"https:\/\/eltiosam.com.mx\/index.php\/wp-json\/wp\/v2\/product_tag?post=1588"}],"curies":[{"name":"wp","href":"https:\/\/api.w.org\/{rel}","templated":true}]}}