{"id":1529,"date":"2023-11-15T21:43:25","date_gmt":"2023-11-15T21:43:25","guid":{"rendered":"http:\/\/eltiosam.com.mx\/index.php\/product\/cajon-caliente-wolf-wwd30\/"},"modified":"2024-02-02T20:06:02","modified_gmt":"2024-02-02T20:06:02","slug":"cajon-caliente-wolf-wwd30","status":"publish","type":"product","link":"https:\/\/eltiosam.com.mx\/index.php\/product\/cajon-caliente-wolf-wwd30\/","title":{"rendered":"CAJON CALIENTE WOLF WWD30"},"content":{"rendered":"<p>El caj\u00f3n caliente WOLF WWD30 destaca por su durabilidad, dise\u00f1o funcional, y caracter\u00edsticas avanzadas que aseguran una experiencia de calentamiento de alimentos eficiente y conveniente. Con su amplio espacio y controles precisos, es una adici\u00f3n vers\u00e1til a la cocina.<\/p>\n","protected":false},"excerpt":{"rendered":"<p>El caj\u00f3n caliente WOLF WWD30 destaca por su durabilidad, dise\u00f1o funcional, y caracter\u00edsticas avanzadas que aseguran una experiencia de calentamiento de alimentos eficiente y conveniente. Con su amplio espacio y controles precisos, es una adici\u00f3n vers\u00e1til a la cocina.<\/p>\n","protected":false},"featured_media":1569,"template":"","meta":{"_joinchat":[]},"product_brand":[],"product_cat":[161,162],"product_tag":[75],"class_list":{"0":"post-1529","1":"product","2":"type-product","3":"status-publish","4":"has-post-thumbnail","6":"product_cat-best-selling-products","7":"product_cat-cajones-calientes","8":"product_tag-wolf","10":"first","11":"outofstock","12":"shipping-taxable","13":"product-type-simple"},"_links":{"self":[{"href":"https:\/\/eltiosam.com.mx\/index.php\/wp-json\/wp\/v2\/product\/1529","targetHints":{"allow":["GET"]}}],"collection":[{"href":"https:\/\/eltiosam.com.mx\/index.php\/wp-json\/wp\/v2\/product"}],"about":[{"href":"https:\/\/eltiosam.com.mx\/index.php\/wp-json\/wp\/v2\/types\/product"}],"wp:featuredmedia":[{"embeddable":true,"href":"https:\/\/eltiosam.com.mx\/index.php\/wp-json\/wp\/v2\/media\/1569"}],"wp:attachment":[{"href":"https:\/\/eltiosam.com.mx\/index.php\/wp-json\/wp\/v2\/media?parent=1529"}],"wp:term":[{"taxonomy":"product_brand","embeddable":true,"href":"https:\/\/eltiosam.com.mx\/index.php\/wp-json\/wp\/v2\/product_brand?post=1529"},{"taxonomy":"product_cat","embeddable":true,"href":"https:\/\/eltiosam.com.mx\/index.php\/wp-json\/wp\/v2\/product_cat?post=1529"},{"taxonomy":"product_tag","embeddable":true,"href":"https:\/\/eltiosam.com.mx\/index.php\/wp-json\/wp\/v2\/product_tag?post=1529"}],"curies":[{"name":"wp","href":"https:\/\/api.w.org\/{rel}","templated":true}]}}