{"id":1441,"date":"2023-11-12T22:36:05","date_gmt":"2023-11-12T22:36:05","guid":{"rendered":"http:\/\/eltiosam.com.mx\/?post_type=product&#038;p=1441"},"modified":"2025-06-09T23:43:38","modified_gmt":"2025-06-09T23:43:38","slug":"tarja-kele-khs2120","status":"publish","type":"product","link":"https:\/\/eltiosam.com.mx\/index.php\/product\/tarja-kele-khs2120\/","title":{"rendered":"Tarja KELE &#8211; KHS2120"},"content":{"rendered":"<p><b>Descripci\u00f3n:<\/b><\/p>\n<p>Esta tarja KELE KHS2120 se destaca por su dise\u00f1o moderno y funcional, ideal para cocinas contempor\u00e1neas. La opci\u00f3n de instalarla empotrada o submontada, junto con su construcci\u00f3n robusta y su est\u00e9tica atractiva, la convierten en una excelente elecci\u00f3n para cualquier proyecto de cocina.<\/p>\n","protected":false},"excerpt":{"rendered":"<p>Descripci\u00f3n: Esta tarja KELE KHS2120 se destaca por su dise\u00f1o moderno y funcional, ideal para cocinas contempor\u00e1neas. La opci\u00f3n de instalarla empotrada o submontada, junto con su construcci\u00f3n robusta y su est\u00e9tica atractiva, la convierten en una excelente elecci\u00f3n para cualquier proyecto de cocina.<\/p>\n","protected":false},"featured_media":11642,"template":"","meta":{"_joinchat":[]},"product_brand":[],"product_cat":[47,42],"product_tag":[70],"class_list":{"0":"post-1441","1":"product","2":"type-product","3":"status-publish","4":"has-post-thumbnail","6":"product_cat-tarjas","7":"product_cat-varios","8":"product_tag-kele","10":"first","11":"outofstock","12":"shipping-taxable","13":"product-type-simple"},"_links":{"self":[{"href":"https:\/\/eltiosam.com.mx\/index.php\/wp-json\/wp\/v2\/product\/1441","targetHints":{"allow":["GET"]}}],"collection":[{"href":"https:\/\/eltiosam.com.mx\/index.php\/wp-json\/wp\/v2\/product"}],"about":[{"href":"https:\/\/eltiosam.com.mx\/index.php\/wp-json\/wp\/v2\/types\/product"}],"wp:featuredmedia":[{"embeddable":true,"href":"https:\/\/eltiosam.com.mx\/index.php\/wp-json\/wp\/v2\/media\/11642"}],"wp:attachment":[{"href":"https:\/\/eltiosam.com.mx\/index.php\/wp-json\/wp\/v2\/media?parent=1441"}],"wp:term":[{"taxonomy":"product_brand","embeddable":true,"href":"https:\/\/eltiosam.com.mx\/index.php\/wp-json\/wp\/v2\/product_brand?post=1441"},{"taxonomy":"product_cat","embeddable":true,"href":"https:\/\/eltiosam.com.mx\/index.php\/wp-json\/wp\/v2\/product_cat?post=1441"},{"taxonomy":"product_tag","embeddable":true,"href":"https:\/\/eltiosam.com.mx\/index.php\/wp-json\/wp\/v2\/product_tag?post=1441"}],"curies":[{"name":"wp","href":"https:\/\/api.w.org\/{rel}","templated":true}]}}